{"id":44125,"date":"2019-02-07T12:54:54","date_gmt":"2019-02-07T11:54:54","guid":{"rendered":"http:\/\/www.tv2000.it\/tg2000\/?post_type=video&#038;p=44125"},"modified":"2019-02-07T12:55:08","modified_gmt":"2019-02-07T11:55:08","slug":"venezuela-maduro-blocca-gli-aiuti-alla-frontiera-con-la-colombia","status":"publish","type":"video","link":"https:\/\/www.tv2000.it\/tg2000\/video\/venezuela-maduro-blocca-gli-aiuti-alla-frontiera-con-la-colombia\/","title":{"rendered":"Venezuela, Maduro blocca gli aiuti alla frontiera con la Colombia"},"content":{"rendered":"<p>Si riunisce in Uruguay il gruppo di contatto internazionale sul Venezuela, istituito su iniziativa dell\u2019Unione europea per tentare una soluzione diplomatica alla crisi in atto. Dal Vaticano ribadita la possibilit\u00e0 di mediare fra Maduro e Guaid\u00f2 solo in presenza di una volont\u00e0 da entrambe le parti. Servizio di Marco Bergamaschi<\/p>\n","protected":false},"featured_media":44126,"comment_status":"closed","ping_status":"closed","template":"","tags":[],"class_list":["post-44125","video","type-video","status-publish","has-post-thumbnail","hentry","video_category-esteri"],"acf":[],"aioseo_notices":[],"url_youtube":"WikIImvdclk","featured_image_url":"https:\/\/i.ytimg.com\/vi\/WikIImvdclk\/mqdefault.jpg","_links":{"self":[{"href":"https:\/\/www.tv2000.it\/tg2000\/wp-json\/wp\/v2\/video\/44125","targetHints":{"allow":["GET"]}}],"collection":[{"href":"https:\/\/www.tv2000.it\/tg2000\/wp-json\/wp\/v2\/video"}],"about":[{"href":"https:\/\/www.tv2000.it\/tg2000\/wp-json\/wp\/v2\/types\/video"}],"replies":[{"embeddable":true,"href":"https:\/\/www.tv2000.it\/tg2000\/wp-json\/wp\/v2\/comments?post=44125"}],"wp:featuredmedia":[{"embeddable":true,"href":"https:\/\/www.tv2000.it\/tg2000\/wp-json\/wp\/v2\/media\/44126"}],"wp:attachment":[{"href":"https:\/\/www.tv2000.it\/tg2000\/wp-json\/wp\/v2\/media?parent=44125"}],"wp:term":[{"taxonomy":"post_tag","embeddable":true,"href":"https:\/\/www.tv2000.it\/tg2000\/wp-json\/wp\/v2\/tags?post=44125"}],"curies":[{"name":"wp","href":"https:\/\/api.w.org\/{rel}","templated":true}]}}

<p>Si riunisce in Uruguay il gruppo di contatto internazionale sul Venezuela, istituito su iniziativa dell’Unione europea per tentare una soluzione diplomatica alla crisi in atto. Dal Vaticano ribadita la possibilità di mediare fra Maduro e Guaidò solo in presenza di una volontà da entrambe le parti. Servizio di Marco Bergamaschi</p>
