{"id":44212,"date":"2019-02-08T20:35:34","date_gmt":"2019-02-08T19:35:34","guid":{"rendered":"http:\/\/www.tv2000.it\/tg2000\/?post_type=video&#038;p=44212"},"modified":"2019-02-08T20:36:00","modified_gmt":"2019-02-08T19:36:00","slug":"in-italia-meno-nascite-e-piu-anziani-futuro-segnato-da-incertezza","status":"publish","type":"video","link":"https:\/\/www.tv2000.it\/tg2000\/video\/in-italia-meno-nascite-e-piu-anziani-futuro-segnato-da-incertezza\/","title":{"rendered":"In Italia meno nascite e pi\u00f9 anziani. Futuro segnato da incertezza"},"content":{"rendered":"<p>L\u2019Istituto di statistica fotografa un Paese con sempre meno bambini, mamme pi\u00f9 avanti in et\u00e0 e cittadini sempre pi\u00f9 anziani. Un futuro segnato da grande incertezza. Servizio di Francesco Durante<\/p>\n","protected":false},"featured_media":44213,"comment_status":"closed","ping_status":"closed","template":"","tags":[],"class_list":["post-44212","video","type-video","status-publish","has-post-thumbnail","hentry","video_category-news","video_category-societa"],"acf":[],"aioseo_notices":[],"url_youtube":"r8-U3Ffe6CM","featured_image_url":"https:\/\/i.ytimg.com\/vi\/r8-U3Ffe6CM\/mqdefault.jpg","_links":{"self":[{"href":"https:\/\/www.tv2000.it\/tg2000\/wp-json\/wp\/v2\/video\/44212","targetHints":{"allow":["GET"]}}],"collection":[{"href":"https:\/\/www.tv2000.it\/tg2000\/wp-json\/wp\/v2\/video"}],"about":[{"href":"https:\/\/www.tv2000.it\/tg2000\/wp-json\/wp\/v2\/types\/video"}],"replies":[{"embeddable":true,"href":"https:\/\/www.tv2000.it\/tg2000\/wp-json\/wp\/v2\/comments?post=44212"}],"wp:featuredmedia":[{"embeddable":true,"href":"https:\/\/www.tv2000.it\/tg2000\/wp-json\/wp\/v2\/media\/44213"}],"wp:attachment":[{"href":"https:\/\/www.tv2000.it\/tg2000\/wp-json\/wp\/v2\/media?parent=44212"}],"wp:term":[{"taxonomy":"post_tag","embeddable":true,"href":"https:\/\/www.tv2000.it\/tg2000\/wp-json\/wp\/v2\/tags?post=44212"}],"curies":[{"name":"wp","href":"https:\/\/api.w.org\/{rel}","templated":true}]}}

In Italia meno nascite e più anziani. Futuro segnato da incertezza

<p>L’Istituto di statistica fotografa un Paese con sempre meno bambini, mamme più avanti in età e cittadini sempre più anziani. Un futuro segnato da grande incertezza. Servizio di Francesco Durante</p>
