{"id":44350,"date":"2019-02-12T12:51:36","date_gmt":"2019-02-12T11:51:36","guid":{"rendered":"http:\/\/www.tv2000.it\/tg2000\/?post_type=video&#038;p=44350"},"modified":"2019-02-12T12:51:36","modified_gmt":"2019-02-12T11:51:36","slug":"venezuela-sconcerto-guaido-per-mancato-sostegno-da-italia-moavero-alla-camera","status":"publish","type":"video","link":"https:\/\/www.tv2000.it\/tg2000\/video\/venezuela-sconcerto-guaido-per-mancato-sostegno-da-italia-moavero-alla-camera\/","title":{"rendered":"Venezuela, sconcerto Guaid\u00f2 per mancato sostegno da Italia. Moavero alla Camera"},"content":{"rendered":"<p>Altra questione da affrontare per il governo \u00e8 la crisi in Venezuela. Il leader dell&#8217;opposizione Juan Guaid\u00f2, in una intervista, ha manifestato lo sconcerto per il mancato sostegno dell&#8217;Italia. E poco fa in Parlamento \u00e8 arrivata la comunicazione del ministro degli Esteri Moavero. Il servizio di Antonio Soviero.<\/p>\n","protected":false},"featured_media":44351,"comment_status":"closed","ping_status":"closed","template":"","tags":[],"class_list":["post-44350","video","type-video","status-publish","has-post-thumbnail","hentry","video_category-esteri","video_category-news"],"acf":[],"aioseo_notices":[],"url_youtube":"2JW2OXaC6UU","featured_image_url":"https:\/\/i.ytimg.com\/vi\/2JW2OXaC6UU\/mqdefault.jpg","_links":{"self":[{"href":"https:\/\/www.tv2000.it\/tg2000\/wp-json\/wp\/v2\/video\/44350","targetHints":{"allow":["GET"]}}],"collection":[{"href":"https:\/\/www.tv2000.it\/tg2000\/wp-json\/wp\/v2\/video"}],"about":[{"href":"https:\/\/www.tv2000.it\/tg2000\/wp-json\/wp\/v2\/types\/video"}],"replies":[{"embeddable":true,"href":"https:\/\/www.tv2000.it\/tg2000\/wp-json\/wp\/v2\/comments?post=44350"}],"wp:featuredmedia":[{"embeddable":true,"href":"https:\/\/www.tv2000.it\/tg2000\/wp-json\/wp\/v2\/media\/44351"}],"wp:attachment":[{"href":"https:\/\/www.tv2000.it\/tg2000\/wp-json\/wp\/v2\/media?parent=44350"}],"wp:term":[{"taxonomy":"post_tag","embeddable":true,"href":"https:\/\/www.tv2000.it\/tg2000\/wp-json\/wp\/v2\/tags?post=44350"}],"curies":[{"name":"wp","href":"https:\/\/api.w.org\/{rel}","templated":true}]}}

Venezuela, sconcerto Guaidò per mancato sostegno da Italia. Moavero alla Camera

<p>Altra questione da affrontare per il governo è la crisi in Venezuela. Il leader dell&#8217;opposizione Juan Guaidò, in una intervista, ha manifestato lo sconcerto per il mancato sostegno dell&#8217;Italia. E poco fa in Parlamento è arrivata la comunicazione del ministro degli Esteri Moavero. Il servizio di Antonio Soviero.</p>
