{"id":44949,"date":"2019-02-26T13:14:33","date_gmt":"2019-02-26T12:14:33","guid":{"rendered":"http:\/\/www.tv2000.it\/tg2000\/?post_type=video&#038;p=44949"},"modified":"2019-02-26T13:14:33","modified_gmt":"2019-02-26T12:14:33","slug":"vaccini-italia-quasi-immune-cresce-polemica-sul-caso-del-no-vax-franchi","status":"publish","type":"video","link":"https:\/\/www.tv2000.it\/tg2000\/video\/vaccini-italia-quasi-immune-cresce-polemica-sul-caso-del-no-vax-franchi\/","title":{"rendered":"Vaccini, Italia quasi immune. Cresce polemica sul caso del &#8216;no vax&#8217; Franchi"},"content":{"rendered":"<p>Secondo il ministero l\u2019Italia \u00e8 vicina alla soglia di immunit\u00e0. Ma a tenere banco \u00e8 la polemica sull\u2019ex infettivologo Franchi: cerco bimbo con parotite, ha scritto su Facebook, per un esperimento. Il servizio di Fabio Bolzetta.<\/p>\n","protected":false},"featured_media":44950,"comment_status":"closed","ping_status":"closed","template":"","tags":[],"class_list":["post-44949","video","type-video","status-publish","has-post-thumbnail","hentry","video_category-news","video_category-salute"],"acf":[],"aioseo_notices":[],"url_youtube":"25fkSPPYzAM","featured_image_url":"https:\/\/i.ytimg.com\/vi\/25fkSPPYzAM\/mqdefault.jpg","_links":{"self":[{"href":"https:\/\/www.tv2000.it\/tg2000\/wp-json\/wp\/v2\/video\/44949","targetHints":{"allow":["GET"]}}],"collection":[{"href":"https:\/\/www.tv2000.it\/tg2000\/wp-json\/wp\/v2\/video"}],"about":[{"href":"https:\/\/www.tv2000.it\/tg2000\/wp-json\/wp\/v2\/types\/video"}],"replies":[{"embeddable":true,"href":"https:\/\/www.tv2000.it\/tg2000\/wp-json\/wp\/v2\/comments?post=44949"}],"wp:featuredmedia":[{"embeddable":true,"href":"https:\/\/www.tv2000.it\/tg2000\/wp-json\/wp\/v2\/media\/44950"}],"wp:attachment":[{"href":"https:\/\/www.tv2000.it\/tg2000\/wp-json\/wp\/v2\/media?parent=44949"}],"wp:term":[{"taxonomy":"post_tag","embeddable":true,"href":"https:\/\/www.tv2000.it\/tg2000\/wp-json\/wp\/v2\/tags?post=44949"}],"curies":[{"name":"wp","href":"https:\/\/api.w.org\/{rel}","templated":true}]}}

<p>Secondo il ministero l’Italia è vicina alla soglia di immunità. Ma a tenere banco è la polemica sull’ex infettivologo Franchi: cerco bimbo con parotite, ha scritto su Facebook, per un esperimento. Il servizio di Fabio Bolzetta.</p>
