{"id":45084,"date":"2019-02-28T19:44:41","date_gmt":"2019-02-28T18:44:41","guid":{"rendered":"http:\/\/www.tv2000.it\/tg2000\/?post_type=video&#038;p=45084"},"modified":"2019-02-28T19:44:41","modified_gmt":"2019-02-28T18:44:41","slug":"palermo-locale-vietato-a-razzisti-e-mafiosi","status":"publish","type":"video","link":"https:\/\/www.tv2000.it\/tg2000\/video\/palermo-locale-vietato-a-razzisti-e-mafiosi\/","title":{"rendered":"Palermo, locale vietato a razzisti e mafiosi"},"content":{"rendered":"<p>&#8220;L&#8217;ingresso in questo locale sar\u00e0 vietato a razzisti e mafiosi&#8221;, cos\u00ec si legge in un cartello sulla vetrina del negozio che aprir\u00e0 tra pochi giorni. \u00c8 l&#8217;iniziativa di due giovani palermitani. Il servizio di Letizia Davoli<\/p>\n","protected":false},"featured_media":45085,"comment_status":"closed","ping_status":"closed","template":"","tags":[],"class_list":["post-45084","video","type-video","status-publish","has-post-thumbnail","hentry","video_category-buone-notizie","video_category-news"],"acf":[],"aioseo_notices":[],"url_youtube":"9qclZj3IqiU","featured_image_url":"https:\/\/i.ytimg.com\/vi\/9qclZj3IqiU\/mqdefault.jpg","_links":{"self":[{"href":"https:\/\/www.tv2000.it\/tg2000\/wp-json\/wp\/v2\/video\/45084","targetHints":{"allow":["GET"]}}],"collection":[{"href":"https:\/\/www.tv2000.it\/tg2000\/wp-json\/wp\/v2\/video"}],"about":[{"href":"https:\/\/www.tv2000.it\/tg2000\/wp-json\/wp\/v2\/types\/video"}],"replies":[{"embeddable":true,"href":"https:\/\/www.tv2000.it\/tg2000\/wp-json\/wp\/v2\/comments?post=45084"}],"wp:featuredmedia":[{"embeddable":true,"href":"https:\/\/www.tv2000.it\/tg2000\/wp-json\/wp\/v2\/media\/45085"}],"wp:attachment":[{"href":"https:\/\/www.tv2000.it\/tg2000\/wp-json\/wp\/v2\/media?parent=45084"}],"wp:term":[{"taxonomy":"post_tag","embeddable":true,"href":"https:\/\/www.tv2000.it\/tg2000\/wp-json\/wp\/v2\/tags?post=45084"}],"curies":[{"name":"wp","href":"https:\/\/api.w.org\/{rel}","templated":true}]}}

<p>&#8220;L&#8217;ingresso in questo locale sarà vietato a razzisti e mafiosi&#8221;, così si legge in un cartello sulla vetrina del negozio che aprirà tra pochi giorni. È l&#8217;iniziativa di due giovani palermitani. Il servizio di Letizia Davoli</p>
