{"id":45373,"date":"2019-03-07T19:39:38","date_gmt":"2019-03-07T18:39:38","guid":{"rendered":"http:\/\/www.tv2000.it\/tg2000\/?post_type=video&#038;p=45373"},"modified":"2019-03-07T19:39:38","modified_gmt":"2019-03-07T18:39:38","slug":"autonomie-ragionali-rafforzate-ecco-come-cambia-la-sanita","status":"publish","type":"video","link":"https:\/\/www.tv2000.it\/tg2000\/video\/autonomie-ragionali-rafforzate-ecco-come-cambia-la-sanita\/","title":{"rendered":"Autonomie ragionali rafforzate. Ecco come cambia la sanit\u00e0"},"content":{"rendered":"<p>Vanno avanti le trattative per le nuove autonomie regionali, richieste in particolare da Lombardia, Veneto ed Emilia Romagna. Il tema della sanit\u00e0 \u00e8 quello che pi\u00f9 infiamma il dibattito, in particolare la questione dei \u201cmigranti della salute\u201d, le persone che si spostano lungo lo stivale per curarsi. Ne abbiamo parlato con Sergio Venturi, assessore alla salute della regione Emilia Romagna. Il servizio di Caterina Dall&#8217;Olio<\/p>\n","protected":false},"featured_media":45374,"comment_status":"closed","ping_status":"closed","template":"","tags":[],"class_list":["post-45373","video","type-video","status-publish","has-post-thumbnail","hentry","video_category-lintervista","video_category-news"],"acf":[],"aioseo_notices":[],"url_youtube":"4u18MobP2X0","featured_image_url":"https:\/\/i.ytimg.com\/vi\/4u18MobP2X0\/mqdefault.jpg","_links":{"self":[{"href":"https:\/\/www.tv2000.it\/tg2000\/wp-json\/wp\/v2\/video\/45373","targetHints":{"allow":["GET"]}}],"collection":[{"href":"https:\/\/www.tv2000.it\/tg2000\/wp-json\/wp\/v2\/video"}],"about":[{"href":"https:\/\/www.tv2000.it\/tg2000\/wp-json\/wp\/v2\/types\/video"}],"replies":[{"embeddable":true,"href":"https:\/\/www.tv2000.it\/tg2000\/wp-json\/wp\/v2\/comments?post=45373"}],"wp:featuredmedia":[{"embeddable":true,"href":"https:\/\/www.tv2000.it\/tg2000\/wp-json\/wp\/v2\/media\/45374"}],"wp:attachment":[{"href":"https:\/\/www.tv2000.it\/tg2000\/wp-json\/wp\/v2\/media?parent=45373"}],"wp:term":[{"taxonomy":"post_tag","embeddable":true,"href":"https:\/\/www.tv2000.it\/tg2000\/wp-json\/wp\/v2\/tags?post=45373"}],"curies":[{"name":"wp","href":"https:\/\/api.w.org\/{rel}","templated":true}]}}

Autonomie ragionali rafforzate. Ecco come cambia la sanità

<p>Vanno avanti le trattative per le nuove autonomie regionali, richieste in particolare da Lombardia, Veneto ed Emilia Romagna. Il tema della sanità è quello che più infiamma il dibattito, in particolare la questione dei “migranti della salute”, le persone che si spostano lungo lo stivale per curarsi. Ne abbiamo parlato con Sergio Venturi, assessore alla salute della regione Emilia Romagna. Il servizio di Caterina Dall&#8217;Olio</p>
