{"id":45413,"date":"2019-03-08T13:22:50","date_gmt":"2019-03-08T12:22:50","guid":{"rendered":"http:\/\/www.tv2000.it\/tg2000\/?post_type=video&#038;p=45413"},"modified":"2019-03-08T18:46:16","modified_gmt":"2019-03-08T17:46:16","slug":"8-marzo-il-mondo-celebra-la-giornata-delle-donne","status":"publish","type":"video","link":"https:\/\/www.tv2000.it\/tg2000\/video\/8-marzo-il-mondo-celebra-la-giornata-delle-donne\/","title":{"rendered":"8 marzo\/ Il mondo celebra la giornata delle donne"},"content":{"rendered":"<p>La giornata internazionale della donna viene celebrata in tutto il mondo per richiamare l\u2019attenzione sulla tutela dei diritti dell\u2019universo femminile. Anche in Italia sono state programmate varie manifestazioni, perch\u00e9 c\u2019\u00e8 ancora tanto da fare per raggiungere la parit\u00e0 tra i sessi. E soprattutto perch\u00e9 la dignit\u00e0 delle donne continua ad essere calpestata, come \u00e8 accaduto proprio ieri, con l\u2019uccisione di due mogli e compagne. Il servizio di Alessandra Camarca<\/p>\n","protected":false},"featured_media":45414,"comment_status":"closed","ping_status":"closed","template":"","tags":[],"class_list":["post-45413","video","type-video","status-publish","has-post-thumbnail","hentry","video_category-attualita","video_category-news"],"acf":[],"aioseo_notices":[],"url_youtube":"wuU0IAYO5ic","featured_image_url":"https:\/\/i.ytimg.com\/vi\/wuU0IAYO5ic\/mqdefault.jpg","_links":{"self":[{"href":"https:\/\/www.tv2000.it\/tg2000\/wp-json\/wp\/v2\/video\/45413","targetHints":{"allow":["GET"]}}],"collection":[{"href":"https:\/\/www.tv2000.it\/tg2000\/wp-json\/wp\/v2\/video"}],"about":[{"href":"https:\/\/www.tv2000.it\/tg2000\/wp-json\/wp\/v2\/types\/video"}],"replies":[{"embeddable":true,"href":"https:\/\/www.tv2000.it\/tg2000\/wp-json\/wp\/v2\/comments?post=45413"}],"wp:featuredmedia":[{"embeddable":true,"href":"https:\/\/www.tv2000.it\/tg2000\/wp-json\/wp\/v2\/media\/45414"}],"wp:attachment":[{"href":"https:\/\/www.tv2000.it\/tg2000\/wp-json\/wp\/v2\/media?parent=45413"}],"wp:term":[{"taxonomy":"post_tag","embeddable":true,"href":"https:\/\/www.tv2000.it\/tg2000\/wp-json\/wp\/v2\/tags?post=45413"}],"curies":[{"name":"wp","href":"https:\/\/api.w.org\/{rel}","templated":true}]}}

<p>La giornata internazionale della donna viene celebrata in tutto il mondo per richiamare l’attenzione sulla tutela dei diritti dell’universo femminile. Anche in Italia sono state programmate varie manifestazioni, perché c’è ancora tanto da fare per raggiungere la parità tra i sessi. E soprattutto perché la dignità delle donne continua ad essere calpestata, come è accaduto proprio ieri, con l’uccisione di due mogli e compagne. Il servizio di Alessandra Camarca</p>
