{"id":45426,"date":"2019-03-08T19:32:54","date_gmt":"2019-03-08T18:32:54","guid":{"rendered":"http:\/\/www.tv2000.it\/tg2000\/?post_type=video&#038;p=45426"},"modified":"2019-03-08T19:32:54","modified_gmt":"2019-03-08T18:32:54","slug":"sanita-a-maggio-campagna-su-scompenso-cardiaco-e-il-male-sconosciuto","status":"publish","type":"video","link":"https:\/\/www.tv2000.it\/tg2000\/video\/sanita-a-maggio-campagna-su-scompenso-cardiaco-e-il-male-sconosciuto\/","title":{"rendered":"Sanit\u00e0, a maggio campagna su scompenso cardiaco. \u00c8 il male sconosciuto"},"content":{"rendered":"<p>Partir\u00e0 a maggio, in tutta Italia, la campagna di sensibilizzazione sullo scompenso cardiaco. Nel nostro Paese, le malattie cardiovascolari rappresentano la principale causa di morte, ma sono in pochi a riconoscerne i sintomi. Il servizio di Luciano Piscaglia<\/p>\n","protected":false},"featured_media":45427,"comment_status":"closed","ping_status":"closed","template":"","tags":[],"class_list":["post-45426","video","type-video","status-publish","has-post-thumbnail","hentry","video_category-news","video_category-salute"],"acf":[],"aioseo_notices":[],"url_youtube":"St2ocIMF3Z4","featured_image_url":"https:\/\/i.ytimg.com\/vi\/St2ocIMF3Z4\/mqdefault.jpg","_links":{"self":[{"href":"https:\/\/www.tv2000.it\/tg2000\/wp-json\/wp\/v2\/video\/45426","targetHints":{"allow":["GET"]}}],"collection":[{"href":"https:\/\/www.tv2000.it\/tg2000\/wp-json\/wp\/v2\/video"}],"about":[{"href":"https:\/\/www.tv2000.it\/tg2000\/wp-json\/wp\/v2\/types\/video"}],"replies":[{"embeddable":true,"href":"https:\/\/www.tv2000.it\/tg2000\/wp-json\/wp\/v2\/comments?post=45426"}],"wp:featuredmedia":[{"embeddable":true,"href":"https:\/\/www.tv2000.it\/tg2000\/wp-json\/wp\/v2\/media\/45427"}],"wp:attachment":[{"href":"https:\/\/www.tv2000.it\/tg2000\/wp-json\/wp\/v2\/media?parent=45426"}],"wp:term":[{"taxonomy":"post_tag","embeddable":true,"href":"https:\/\/www.tv2000.it\/tg2000\/wp-json\/wp\/v2\/tags?post=45426"}],"curies":[{"name":"wp","href":"https:\/\/api.w.org\/{rel}","templated":true}]}}

Sanità, a maggio campagna su scompenso cardiaco. È il male sconosciuto

<p>Partirà a maggio, in tutta Italia, la campagna di sensibilizzazione sullo scompenso cardiaco. Nel nostro Paese, le malattie cardiovascolari rappresentano la principale causa di morte, ma sono in pochi a riconoscerne i sintomi. Il servizio di Luciano Piscaglia</p>
