{"id":45448,"date":"2019-03-08T20:37:59","date_gmt":"2019-03-08T19:37:59","guid":{"rendered":"http:\/\/www.tv2000.it\/tg2000\/?post_type=video&#038;p=45448"},"modified":"2019-03-08T20:37:59","modified_gmt":"2019-03-08T19:37:59","slug":"tav-alta-tensione-nel-governo-buffagni-crisi-e-gia-aperta","status":"publish","type":"video","link":"https:\/\/www.tv2000.it\/tg2000\/video\/tav-alta-tensione-nel-governo-buffagni-crisi-e-gia-aperta\/","title":{"rendered":"Tav, alta tensione nel governo. Buffagni: crisi \u00e8 gi\u00e0 aperta"},"content":{"rendered":"<p>Primo piano sulla politica. Alta tensione sulla Tav. &#8220;La crisi \u00e8 gi\u00e0 aperta&#8221;, dice il sottosegretario grillino alla presidenza del Consiglio Stefano Buffagni. Il servizio di Augusto Cantelmi<\/p>\n","protected":false},"featured_media":45449,"comment_status":"closed","ping_status":"closed","template":"","tags":[],"class_list":["post-45448","video","type-video","status-publish","has-post-thumbnail","hentry","video_category-attualita","video_category-news"],"acf":[],"aioseo_notices":[],"url_youtube":"X5phAytnBNE","featured_image_url":"https:\/\/i.ytimg.com\/vi\/X5phAytnBNE\/mqdefault.jpg","_links":{"self":[{"href":"https:\/\/www.tv2000.it\/tg2000\/wp-json\/wp\/v2\/video\/45448","targetHints":{"allow":["GET"]}}],"collection":[{"href":"https:\/\/www.tv2000.it\/tg2000\/wp-json\/wp\/v2\/video"}],"about":[{"href":"https:\/\/www.tv2000.it\/tg2000\/wp-json\/wp\/v2\/types\/video"}],"replies":[{"embeddable":true,"href":"https:\/\/www.tv2000.it\/tg2000\/wp-json\/wp\/v2\/comments?post=45448"}],"wp:featuredmedia":[{"embeddable":true,"href":"https:\/\/www.tv2000.it\/tg2000\/wp-json\/wp\/v2\/media\/45449"}],"wp:attachment":[{"href":"https:\/\/www.tv2000.it\/tg2000\/wp-json\/wp\/v2\/media?parent=45448"}],"wp:term":[{"taxonomy":"post_tag","embeddable":true,"href":"https:\/\/www.tv2000.it\/tg2000\/wp-json\/wp\/v2\/tags?post=45448"}],"curies":[{"name":"wp","href":"https:\/\/api.w.org\/{rel}","templated":true}]}}

Tav, alta tensione nel governo. Buffagni: crisi è già aperta

<p>Primo piano sulla politica. Alta tensione sulla Tav. &#8220;La crisi è già aperta&#8221;, dice il sottosegretario grillino alla presidenza del Consiglio Stefano Buffagni. Il servizio di Augusto Cantelmi</p>
