{"id":45660,"date":"2019-03-14T19:59:21","date_gmt":"2019-03-14T18:59:21","guid":{"rendered":"http:\/\/www.tv2000.it\/tg2000\/?post_type=video&#038;p=45660"},"modified":"2019-03-14T19:59:21","modified_gmt":"2019-03-14T18:59:21","slug":"pensione-e-reddito-di-cittadinanza-novita-in-arrivo","status":"publish","type":"video","link":"https:\/\/www.tv2000.it\/tg2000\/video\/pensione-e-reddito-di-cittadinanza-novita-in-arrivo\/","title":{"rendered":"Pensione e reddito di cittadinanza, novit\u00e0 in arrivo"},"content":{"rendered":"<p>Pensione e reddito di cittadinanza perch\u00e8 sono in arrivo novit\u00e0 per le famiglie con disabili. Le novit\u00e0, con Leonardo Possati.<\/p>\n","protected":false},"featured_media":45661,"comment_status":"closed","ping_status":"closed","template":"","tags":[],"class_list":["post-45660","video","type-video","status-publish","has-post-thumbnail","hentry","video_category-attualita","video_category-news"],"acf":[],"aioseo_notices":[],"url_youtube":"3PEfEEFAYZA","featured_image_url":"https:\/\/i.ytimg.com\/vi\/3PEfEEFAYZA\/mqdefault.jpg","_links":{"self":[{"href":"https:\/\/www.tv2000.it\/tg2000\/wp-json\/wp\/v2\/video\/45660","targetHints":{"allow":["GET"]}}],"collection":[{"href":"https:\/\/www.tv2000.it\/tg2000\/wp-json\/wp\/v2\/video"}],"about":[{"href":"https:\/\/www.tv2000.it\/tg2000\/wp-json\/wp\/v2\/types\/video"}],"replies":[{"embeddable":true,"href":"https:\/\/www.tv2000.it\/tg2000\/wp-json\/wp\/v2\/comments?post=45660"}],"wp:featuredmedia":[{"embeddable":true,"href":"https:\/\/www.tv2000.it\/tg2000\/wp-json\/wp\/v2\/media\/45661"}],"wp:attachment":[{"href":"https:\/\/www.tv2000.it\/tg2000\/wp-json\/wp\/v2\/media?parent=45660"}],"wp:term":[{"taxonomy":"post_tag","embeddable":true,"href":"https:\/\/www.tv2000.it\/tg2000\/wp-json\/wp\/v2\/tags?post=45660"}],"curies":[{"name":"wp","href":"https:\/\/api.w.org\/{rel}","templated":true}]}}

Pensione e reddito di cittadinanza, novità in arrivo

<p>Pensione e reddito di cittadinanza perchè sono in arrivo novità per le famiglie con disabili. Le novità, con Leonardo Possati.</p>
