{"id":45954,"date":"2019-03-20T21:08:21","date_gmt":"2019-03-20T20:08:21","guid":{"rendered":"http:\/\/www.tv2000.it\/tg2000\/?post_type=video&#038;p=45954"},"modified":"2019-03-20T21:08:21","modified_gmt":"2019-03-20T20:08:21","slug":"giornata-mondiale-della-felicita","status":"publish","type":"video","link":"https:\/\/www.tv2000.it\/tg2000\/video\/giornata-mondiale-della-felicita\/","title":{"rendered":"Giornata mondiale della felicit\u00e0"},"content":{"rendered":"<p>Si celebra la giornata mondiale della felicit\u00e0. E\u2019 stata istituita dall\u2019Onu nel 2012 perch\u00e9, si legge nelle motivazioni, la ricerca della felicit\u00e0 \u00e8 uno scopo fondamentale dell\u2019umanit\u00e0. Servizio di Letizia Davoli.<\/p>\n","protected":false},"featured_media":45955,"comment_status":"closed","ping_status":"closed","template":"","tags":[],"class_list":["post-45954","video","type-video","status-publish","has-post-thumbnail","hentry","video_category-news"],"acf":[],"aioseo_notices":[],"url_youtube":"GiEntvP6vN8","featured_image_url":"https:\/\/i.ytimg.com\/vi\/GiEntvP6vN8\/mqdefault.jpg","_links":{"self":[{"href":"https:\/\/www.tv2000.it\/tg2000\/wp-json\/wp\/v2\/video\/45954","targetHints":{"allow":["GET"]}}],"collection":[{"href":"https:\/\/www.tv2000.it\/tg2000\/wp-json\/wp\/v2\/video"}],"about":[{"href":"https:\/\/www.tv2000.it\/tg2000\/wp-json\/wp\/v2\/types\/video"}],"replies":[{"embeddable":true,"href":"https:\/\/www.tv2000.it\/tg2000\/wp-json\/wp\/v2\/comments?post=45954"}],"wp:featuredmedia":[{"embeddable":true,"href":"https:\/\/www.tv2000.it\/tg2000\/wp-json\/wp\/v2\/media\/45955"}],"wp:attachment":[{"href":"https:\/\/www.tv2000.it\/tg2000\/wp-json\/wp\/v2\/media?parent=45954"}],"wp:term":[{"taxonomy":"post_tag","embeddable":true,"href":"https:\/\/www.tv2000.it\/tg2000\/wp-json\/wp\/v2\/tags?post=45954"}],"curies":[{"name":"wp","href":"https:\/\/api.w.org\/{rel}","templated":true}]}}

Giornata mondiale della felicità

<p>Si celebra la giornata mondiale della felicità. E’ stata istituita dall’Onu nel 2012 perché, si legge nelle motivazioni, la ricerca della felicità è uno scopo fondamentale dell’umanità. Servizio di Letizia Davoli.</p>
