{"id":46351,"date":"2019-03-29T14:27:34","date_gmt":"2019-03-29T13:27:34","guid":{"rendered":"http:\/\/www.tv2000.it\/tg2000\/?post_type=video&#038;p=46351"},"modified":"2019-03-29T14:27:44","modified_gmt":"2019-03-29T13:27:44","slug":"mozambico-dopo-il-ciclone-idai-situazione-sempre-piu-drammatica","status":"publish","type":"video","link":"https:\/\/www.tv2000.it\/tg2000\/video\/mozambico-dopo-il-ciclone-idai-situazione-sempre-piu-drammatica\/","title":{"rendered":"Mozambico, dopo il ciclone Idai situazione sempre pi\u00f9 drammatica"},"content":{"rendered":"<p>E, man mano che si ritirano le acque, \u00e8 sempre pi\u00f9 drammatica la situazione in Mozambico dopo il passaggio del ciclone Idai. Servizio di Pierluigi Vito<\/p>\n","protected":false},"featured_media":46352,"comment_status":"closed","ping_status":"closed","template":"","tags":[],"class_list":["post-46351","video","type-video","status-publish","has-post-thumbnail","hentry","video_category-esteri","video_category-news"],"acf":[],"aioseo_notices":[],"url_youtube":"jd05hF1z5H8","featured_image_url":"https:\/\/i.ytimg.com\/vi\/jd05hF1z5H8\/mqdefault.jpg","_links":{"self":[{"href":"https:\/\/www.tv2000.it\/tg2000\/wp-json\/wp\/v2\/video\/46351","targetHints":{"allow":["GET"]}}],"collection":[{"href":"https:\/\/www.tv2000.it\/tg2000\/wp-json\/wp\/v2\/video"}],"about":[{"href":"https:\/\/www.tv2000.it\/tg2000\/wp-json\/wp\/v2\/types\/video"}],"replies":[{"embeddable":true,"href":"https:\/\/www.tv2000.it\/tg2000\/wp-json\/wp\/v2\/comments?post=46351"}],"wp:featuredmedia":[{"embeddable":true,"href":"https:\/\/www.tv2000.it\/tg2000\/wp-json\/wp\/v2\/media\/46352"}],"wp:attachment":[{"href":"https:\/\/www.tv2000.it\/tg2000\/wp-json\/wp\/v2\/media?parent=46351"}],"wp:term":[{"taxonomy":"post_tag","embeddable":true,"href":"https:\/\/www.tv2000.it\/tg2000\/wp-json\/wp\/v2\/tags?post=46351"}],"curies":[{"name":"wp","href":"https:\/\/api.w.org\/{rel}","templated":true}]}}

Mozambico, dopo il ciclone Idai situazione sempre più drammatica

<p>E, man mano che si ritirano le acque, è sempre più drammatica la situazione in Mozambico dopo il passaggio del ciclone Idai. Servizio di Pierluigi Vito</p>
