{"id":46419,"date":"2019-04-01T14:20:28","date_gmt":"2019-04-01T12:20:28","guid":{"rendered":"http:\/\/www.tv2000.it\/tg2000\/?post_type=video&#038;p=46419"},"modified":"2019-04-01T14:20:28","modified_gmt":"2019-04-01T12:20:28","slug":"turchia-erdogan-perde-ankara-e-istanbul-alle-elezioni-amministrative","status":"publish","type":"video","link":"https:\/\/www.tv2000.it\/tg2000\/video\/turchia-erdogan-perde-ankara-e-istanbul-alle-elezioni-amministrative\/","title":{"rendered":"Turchia, Erdogan perde Ankara e Istanbul alle elezioni amministrative"},"content":{"rendered":"<p>Elezioni amministrative in Turchia. Secondo i risultati preliminari il partito di Erdo\u011fan avrebbe gi\u00e0 perso il controllo della capitale Ankara e forse anche di Istanbul, la pi\u00f9 grande citt\u00e0 del paese. Il servizio di Marco Burini<\/p>\n","protected":false},"featured_media":46420,"comment_status":"closed","ping_status":"closed","template":"","tags":[],"class_list":["post-46419","video","type-video","status-publish","has-post-thumbnail","hentry","video_category-esteri","video_category-news"],"acf":[],"aioseo_notices":[],"url_youtube":"C0rsKlT_6d0","featured_image_url":"https:\/\/i.ytimg.com\/vi\/C0rsKlT_6d0\/mqdefault.jpg","_links":{"self":[{"href":"https:\/\/www.tv2000.it\/tg2000\/wp-json\/wp\/v2\/video\/46419","targetHints":{"allow":["GET"]}}],"collection":[{"href":"https:\/\/www.tv2000.it\/tg2000\/wp-json\/wp\/v2\/video"}],"about":[{"href":"https:\/\/www.tv2000.it\/tg2000\/wp-json\/wp\/v2\/types\/video"}],"replies":[{"embeddable":true,"href":"https:\/\/www.tv2000.it\/tg2000\/wp-json\/wp\/v2\/comments?post=46419"}],"wp:featuredmedia":[{"embeddable":true,"href":"https:\/\/www.tv2000.it\/tg2000\/wp-json\/wp\/v2\/media\/46420"}],"wp:attachment":[{"href":"https:\/\/www.tv2000.it\/tg2000\/wp-json\/wp\/v2\/media?parent=46419"}],"wp:term":[{"taxonomy":"post_tag","embeddable":true,"href":"https:\/\/www.tv2000.it\/tg2000\/wp-json\/wp\/v2\/tags?post=46419"}],"curies":[{"name":"wp","href":"https:\/\/api.w.org\/{rel}","templated":true}]}}

<p>Elezioni amministrative in Turchia. Secondo i risultati preliminari il partito di Erdoğan avrebbe già perso il controllo della capitale Ankara e forse anche di Istanbul, la più grande città del paese. Il servizio di Marco Burini</p>
