{"id":46585,"date":"2019-04-03T20:18:11","date_gmt":"2019-04-03T18:18:11","guid":{"rendered":"http:\/\/www.tv2000.it\/tg2000\/?post_type=video&#038;p=46585"},"modified":"2019-04-03T20:18:21","modified_gmt":"2019-04-03T18:18:21","slug":"i-mali-di-roma-citta-piu-cattiva-e-periferie-sole-risponde-mons-di-tora","status":"publish","type":"video","link":"https:\/\/www.tv2000.it\/tg2000\/video\/i-mali-di-roma-citta-piu-cattiva-e-periferie-sole-risponde-mons-di-tora\/","title":{"rendered":"\u201cI mali di Roma\u201d, citt\u00e0 pi\u00f9 cattiva e periferie sole ? Risponde mons. Di Tora"},"content":{"rendered":"<p>E quella di ieri \u00e8 stata la terza rivolta in quattro anni contro migranti e rom nella capitale. Sui mali di Roma e sull\u2019odio che aumenta Pierluigi Vito ha interpellato il vescovo Guerino di Tora, storico direttore della Caritas diocesana, profondo conoscitore delle tante anime della citt\u00e0 eterna.<\/p>\n","protected":false},"featured_media":46586,"comment_status":"closed","ping_status":"closed","template":"","tags":[],"class_list":["post-46585","video","type-video","status-publish","has-post-thumbnail","hentry","video_category-attualita","video_category-news"],"acf":[],"aioseo_notices":[],"url_youtube":"pa2aXYiOfsE","featured_image_url":"https:\/\/i.ytimg.com\/vi\/pa2aXYiOfsE\/mqdefault.jpg","_links":{"self":[{"href":"https:\/\/www.tv2000.it\/tg2000\/wp-json\/wp\/v2\/video\/46585","targetHints":{"allow":["GET"]}}],"collection":[{"href":"https:\/\/www.tv2000.it\/tg2000\/wp-json\/wp\/v2\/video"}],"about":[{"href":"https:\/\/www.tv2000.it\/tg2000\/wp-json\/wp\/v2\/types\/video"}],"replies":[{"embeddable":true,"href":"https:\/\/www.tv2000.it\/tg2000\/wp-json\/wp\/v2\/comments?post=46585"}],"wp:featuredmedia":[{"embeddable":true,"href":"https:\/\/www.tv2000.it\/tg2000\/wp-json\/wp\/v2\/media\/46586"}],"wp:attachment":[{"href":"https:\/\/www.tv2000.it\/tg2000\/wp-json\/wp\/v2\/media?parent=46585"}],"wp:term":[{"taxonomy":"post_tag","embeddable":true,"href":"https:\/\/www.tv2000.it\/tg2000\/wp-json\/wp\/v2\/tags?post=46585"}],"curies":[{"name":"wp","href":"https:\/\/api.w.org\/{rel}","templated":true}]}}

“I mali di Roma”, città più cattiva e periferie sole ? Risponde mons. Di Tora

<p>E quella di ieri è stata la terza rivolta in quattro anni contro migranti e rom nella capitale. Sui mali di Roma e sull’odio che aumenta Pierluigi Vito ha interpellato il vescovo Guerino di Tora, storico direttore della Caritas diocesana, profondo conoscitore delle tante anime della città eterna.</p>
