{"id":46643,"date":"2019-04-04T20:04:32","date_gmt":"2019-04-04T18:04:32","guid":{"rendered":"http:\/\/www.tv2000.it\/tg2000\/?post_type=video&#038;p=46643"},"modified":"2019-04-04T20:04:32","modified_gmt":"2019-04-04T18:04:32","slug":"parlamento-ue-nuova-legge-lavoro-famiglia-piu-giorni-congedo-paternita","status":"publish","type":"video","link":"https:\/\/www.tv2000.it\/tg2000\/video\/parlamento-ue-nuova-legge-lavoro-famiglia-piu-giorni-congedo-paternita\/","title":{"rendered":"Parlamento Ue, nuova legge lavoro-famiglia. Pi\u00f9 giorni congedo paternit\u00e0"},"content":{"rendered":"<p>Dall&#8217;Europa arriva un segnale alle famiglie. Giorni in pi\u00f9 di congedo paternit\u00e0 ai lavoratori e maggiori tutele a chi assiste familiari anziani o ammalati. Sono alcune delle nuove regole su lavoro e famiglia, varate nel pomeriggio dal parlamento europeo. Il servizio di Luciano Piscaglia<\/p>\n","protected":false},"featured_media":46644,"comment_status":"closed","ping_status":"closed","template":"","tags":[],"class_list":["post-46643","video","type-video","status-publish","has-post-thumbnail","hentry","video_category-famiglia","video_category-news"],"acf":[],"aioseo_notices":[],"url_youtube":"STt-d_qgdWU","featured_image_url":"https:\/\/i.ytimg.com\/vi\/STt-d_qgdWU\/mqdefault.jpg","_links":{"self":[{"href":"https:\/\/www.tv2000.it\/tg2000\/wp-json\/wp\/v2\/video\/46643","targetHints":{"allow":["GET"]}}],"collection":[{"href":"https:\/\/www.tv2000.it\/tg2000\/wp-json\/wp\/v2\/video"}],"about":[{"href":"https:\/\/www.tv2000.it\/tg2000\/wp-json\/wp\/v2\/types\/video"}],"replies":[{"embeddable":true,"href":"https:\/\/www.tv2000.it\/tg2000\/wp-json\/wp\/v2\/comments?post=46643"}],"wp:featuredmedia":[{"embeddable":true,"href":"https:\/\/www.tv2000.it\/tg2000\/wp-json\/wp\/v2\/media\/46644"}],"wp:attachment":[{"href":"https:\/\/www.tv2000.it\/tg2000\/wp-json\/wp\/v2\/media?parent=46643"}],"wp:term":[{"taxonomy":"post_tag","embeddable":true,"href":"https:\/\/www.tv2000.it\/tg2000\/wp-json\/wp\/v2\/tags?post=46643"}],"curies":[{"name":"wp","href":"https:\/\/api.w.org\/{rel}","templated":true}]}}

Parlamento Ue, nuova legge lavoro-famiglia. Più giorni congedo paternità

<p>Dall&#8217;Europa arriva un segnale alle famiglie. Giorni in più di congedo paternità ai lavoratori e maggiori tutele a chi assiste familiari anziani o ammalati. Sono alcune delle nuove regole su lavoro e famiglia, varate nel pomeriggio dal parlamento europeo. Il servizio di Luciano Piscaglia</p>
