{"id":46774,"date":"2019-04-08T19:40:02","date_gmt":"2019-04-08T17:40:02","guid":{"rendered":"http:\/\/www.tv2000.it\/tg2000\/?post_type=video&#038;p=46774"},"modified":"2019-04-08T19:40:02","modified_gmt":"2019-04-08T17:40:02","slug":"elezioni-europee-alla-fiera-dei-simboli-e-dei-partiti","status":"publish","type":"video","link":"https:\/\/www.tv2000.it\/tg2000\/video\/elezioni-europee-alla-fiera-dei-simboli-e-dei-partiti\/","title":{"rendered":"Elezioni europee, alla fiera dei simboli e dei partiti"},"content":{"rendered":"<p>Elezioni europee alle porte: si voter\u00e0 a fine maggio, ma c&#8217;\u00e8 gi\u00e0 fermento tra partiti. Bisogna depositare liste, simboli e candidati. E non mancano le curiosit\u00e0. Il servizio di Caterina Dall&#8217;Olio.<\/p>\n","protected":false},"featured_media":46775,"comment_status":"closed","ping_status":"closed","template":"","tags":[],"class_list":["post-46774","video","type-video","status-publish","has-post-thumbnail","hentry","video_category-news","video_category-politica"],"acf":[],"aioseo_notices":[],"url_youtube":"99JiOqEXT6o","featured_image_url":"https:\/\/i.ytimg.com\/vi\/99JiOqEXT6o\/mqdefault.jpg","_links":{"self":[{"href":"https:\/\/www.tv2000.it\/tg2000\/wp-json\/wp\/v2\/video\/46774","targetHints":{"allow":["GET"]}}],"collection":[{"href":"https:\/\/www.tv2000.it\/tg2000\/wp-json\/wp\/v2\/video"}],"about":[{"href":"https:\/\/www.tv2000.it\/tg2000\/wp-json\/wp\/v2\/types\/video"}],"replies":[{"embeddable":true,"href":"https:\/\/www.tv2000.it\/tg2000\/wp-json\/wp\/v2\/comments?post=46774"}],"wp:featuredmedia":[{"embeddable":true,"href":"https:\/\/www.tv2000.it\/tg2000\/wp-json\/wp\/v2\/media\/46775"}],"wp:attachment":[{"href":"https:\/\/www.tv2000.it\/tg2000\/wp-json\/wp\/v2\/media?parent=46774"}],"wp:term":[{"taxonomy":"post_tag","embeddable":true,"href":"https:\/\/www.tv2000.it\/tg2000\/wp-json\/wp\/v2\/tags?post=46774"}],"curies":[{"name":"wp","href":"https:\/\/api.w.org\/{rel}","templated":true}]}}

<p>Elezioni europee alle porte: si voterà a fine maggio, ma c&#8217;è già fermento tra partiti. Bisogna depositare liste, simboli e candidati. E non mancano le curiosità. Il servizio di Caterina Dall&#8217;Olio.</p>
