{"id":46900,"date":"2019-04-10T20:21:49","date_gmt":"2019-04-10T18:21:49","guid":{"rendered":"http:\/\/www.tv2000.it\/tg2000\/?post_type=video&#038;p=46900"},"modified":"2019-04-10T20:22:04","modified_gmt":"2019-04-10T18:22:04","slug":"i-binari-della-diseguaglianza-chi-abita-periferia-torino-vive-5-anni-in-meno","status":"publish","type":"video","link":"https:\/\/www.tv2000.it\/tg2000\/video\/i-binari-della-diseguaglianza-chi-abita-periferia-torino-vive-5-anni-in-meno\/","title":{"rendered":"I binari della diseguaglianza. Chi abita periferia Torino vive 5 anni in meno"},"content":{"rendered":"<p>Una ricerca condotta dall\u2019universit\u00e0 di Torino ha dimostrato, per la prima volta in modo scientifico, che chi vive nei quartieri periferici del capoluogo piemontese vive fino a cinque anni in meno rispetto a chi \u00e8 residente nei quartieri pi\u00f9 centrali, quindi pi\u00f9 benestanti. Noi siamo andati a vedere la situazione sul campo prendendo il tram numero tre che attraversa tutta la citt\u00e0.<\/p>\n","protected":false},"featured_media":46901,"comment_status":"closed","ping_status":"closed","template":"","tags":[],"class_list":["post-46900","video","type-video","status-publish","has-post-thumbnail","hentry","video_category-tg2000-il-post"],"acf":[],"aioseo_notices":[],"url_youtube":"gUQPGX2DvRQ","featured_image_url":"https:\/\/i.ytimg.com\/vi\/gUQPGX2DvRQ\/mqdefault.jpg","_links":{"self":[{"href":"https:\/\/www.tv2000.it\/tg2000\/wp-json\/wp\/v2\/video\/46900","targetHints":{"allow":["GET"]}}],"collection":[{"href":"https:\/\/www.tv2000.it\/tg2000\/wp-json\/wp\/v2\/video"}],"about":[{"href":"https:\/\/www.tv2000.it\/tg2000\/wp-json\/wp\/v2\/types\/video"}],"replies":[{"embeddable":true,"href":"https:\/\/www.tv2000.it\/tg2000\/wp-json\/wp\/v2\/comments?post=46900"}],"wp:featuredmedia":[{"embeddable":true,"href":"https:\/\/www.tv2000.it\/tg2000\/wp-json\/wp\/v2\/media\/46901"}],"wp:attachment":[{"href":"https:\/\/www.tv2000.it\/tg2000\/wp-json\/wp\/v2\/media?parent=46900"}],"wp:term":[{"taxonomy":"post_tag","embeddable":true,"href":"https:\/\/www.tv2000.it\/tg2000\/wp-json\/wp\/v2\/tags?post=46900"}],"curies":[{"name":"wp","href":"https:\/\/api.w.org\/{rel}","templated":true}]}}

<p>Una ricerca condotta dall’università di Torino ha dimostrato, per la prima volta in modo scientifico, che chi vive nei quartieri periferici del capoluogo piemontese vive fino a cinque anni in meno rispetto a chi è residente nei quartieri più centrali, quindi più benestanti. Noi siamo andati a vedere la situazione sul campo prendendo il tram numero tre che attraversa tutta la città.</p>
