{"id":47158,"date":"2019-04-16T14:25:59","date_gmt":"2019-04-16T12:25:59","guid":{"rendered":"http:\/\/www.tv2000.it\/tg2000\/?post_type=video&#038;p=47158"},"modified":"2019-04-16T14:25:59","modified_gmt":"2019-04-16T12:25:59","slug":"parigi-domate-le-fiamme-notre-dame-al-via-verifiche-su-stabilita-struttura","status":"publish","type":"video","link":"https:\/\/www.tv2000.it\/tg2000\/video\/parigi-domate-le-fiamme-notre-dame-al-via-verifiche-su-stabilita-struttura\/","title":{"rendered":"Parigi, domate le fiamme Notre Dame. Al via verifiche su stabilit\u00e0 struttura"},"content":{"rendered":"<p>Le immagini scioccanti del rogo che all&#8217;improvviso ha incenerito la cattedrale di Notre Dame a Parigi, simbolo non solo del Paese, ma anche delle radici cristiane d&#8217;Europa. Le fiamme, stamane, sono state domate; bisogner\u00e0 verificare la stabilit\u00e0 della struttura rimasta in piedi e capire, soprattutto, perch\u00e9 un tesoro mondiale dell&#8217;arte e della fede sia stato distrutto. La cronaca da Federico Plotti<\/p>\n","protected":false},"featured_media":47159,"comment_status":"closed","ping_status":"closed","template":"","tags":[],"class_list":["post-47158","video","type-video","status-publish","has-post-thumbnail","hentry","video_category-attualita","video_category-news"],"acf":[],"aioseo_notices":[],"url_youtube":"PNCqmZm_5C4","featured_image_url":"https:\/\/i.ytimg.com\/vi\/PNCqmZm_5C4\/mqdefault.jpg","_links":{"self":[{"href":"https:\/\/www.tv2000.it\/tg2000\/wp-json\/wp\/v2\/video\/47158","targetHints":{"allow":["GET"]}}],"collection":[{"href":"https:\/\/www.tv2000.it\/tg2000\/wp-json\/wp\/v2\/video"}],"about":[{"href":"https:\/\/www.tv2000.it\/tg2000\/wp-json\/wp\/v2\/types\/video"}],"replies":[{"embeddable":true,"href":"https:\/\/www.tv2000.it\/tg2000\/wp-json\/wp\/v2\/comments?post=47158"}],"wp:featuredmedia":[{"embeddable":true,"href":"https:\/\/www.tv2000.it\/tg2000\/wp-json\/wp\/v2\/media\/47159"}],"wp:attachment":[{"href":"https:\/\/www.tv2000.it\/tg2000\/wp-json\/wp\/v2\/media?parent=47158"}],"wp:term":[{"taxonomy":"post_tag","embeddable":true,"href":"https:\/\/www.tv2000.it\/tg2000\/wp-json\/wp\/v2\/tags?post=47158"}],"curies":[{"name":"wp","href":"https:\/\/api.w.org\/{rel}","templated":true}]}}

Parigi, domate le fiamme Notre Dame. Al via verifiche su stabilità struttura

<p>Le immagini scioccanti del rogo che all&#8217;improvviso ha incenerito la cattedrale di Notre Dame a Parigi, simbolo non solo del Paese, ma anche delle radici cristiane d&#8217;Europa. Le fiamme, stamane, sono state domate; bisognerà verificare la stabilità della struttura rimasta in piedi e capire, soprattutto, perché un tesoro mondiale dell&#8217;arte e della fede sia stato distrutto. La cronaca da Federico Plotti</p>
