{"id":47495,"date":"2019-04-26T15:39:12","date_gmt":"2019-04-26T13:39:12","guid":{"rendered":"http:\/\/www.tv2000.it\/tg2000\/?post_type=video&#038;p=47495"},"modified":"2019-04-26T15:39:25","modified_gmt":"2019-04-26T13:39:25","slug":"sri-lanka-venerdi-di-paura-chiese-e-moschee-blindate","status":"publish","type":"video","link":"https:\/\/www.tv2000.it\/tg2000\/video\/sri-lanka-venerdi-di-paura-chiese-e-moschee-blindate\/","title":{"rendered":"Sri Lanka, venerd\u00ec di paura. Chiese e moschee blindate"},"content":{"rendered":"<p>Venerd\u00ec di preghiera dei musulmani in Sri Lanka: l&#8217;allerta nelle moschee e nelle principali citt\u00e0 \u00e8 altissima. Chiese e moschee sono blindate dopo i terribili attentati dei giorni scorsi e in particolare della domenica di Pasqua. Servizio di Vito D&#8217;ettorre<\/p>\n","protected":false},"featured_media":47496,"comment_status":"closed","ping_status":"closed","template":"","tags":[],"class_list":["post-47495","video","type-video","status-publish","has-post-thumbnail","hentry","video_category-esteri","video_category-news"],"acf":[],"aioseo_notices":[],"url_youtube":"8y7077wwq1M","featured_image_url":"https:\/\/i.ytimg.com\/vi\/8y7077wwq1M\/mqdefault.jpg","_links":{"self":[{"href":"https:\/\/www.tv2000.it\/tg2000\/wp-json\/wp\/v2\/video\/47495","targetHints":{"allow":["GET"]}}],"collection":[{"href":"https:\/\/www.tv2000.it\/tg2000\/wp-json\/wp\/v2\/video"}],"about":[{"href":"https:\/\/www.tv2000.it\/tg2000\/wp-json\/wp\/v2\/types\/video"}],"replies":[{"embeddable":true,"href":"https:\/\/www.tv2000.it\/tg2000\/wp-json\/wp\/v2\/comments?post=47495"}],"wp:featuredmedia":[{"embeddable":true,"href":"https:\/\/www.tv2000.it\/tg2000\/wp-json\/wp\/v2\/media\/47496"}],"wp:attachment":[{"href":"https:\/\/www.tv2000.it\/tg2000\/wp-json\/wp\/v2\/media?parent=47495"}],"wp:term":[{"taxonomy":"post_tag","embeddable":true,"href":"https:\/\/www.tv2000.it\/tg2000\/wp-json\/wp\/v2\/tags?post=47495"}],"curies":[{"name":"wp","href":"https:\/\/api.w.org\/{rel}","templated":true}]}}

Sri Lanka, venerdì di paura. Chiese e moschee blindate

<p>Venerdì di preghiera dei musulmani in Sri Lanka: l&#8217;allerta nelle moschee e nelle principali città è altissima. Chiese e moschee sono blindate dopo i terribili attentati dei giorni scorsi e in particolare della domenica di Pasqua. Servizio di Vito D&#8217;ettorre</p>
