{"id":47683,"date":"2019-04-30T20:15:38","date_gmt":"2019-04-30T18:15:38","guid":{"rendered":"http:\/\/www.tv2000.it\/tg2000\/?post_type=video&#038;p=47683"},"modified":"2019-04-30T20:19:59","modified_gmt":"2019-04-30T18:19:59","slug":"italia-fuori-da-recessione-con-disoccupati-in-calo-lanalisi-di-girardo-avvenire","status":"publish","type":"video","link":"https:\/\/www.tv2000.it\/tg2000\/video\/italia-fuori-da-recessione-con-disoccupati-in-calo-lanalisi-di-girardo-avvenire\/","title":{"rendered":"Italia fuori da recessione con disoccupati in calo. L&#8217;analisi di Girardo (Avvenire)"},"content":{"rendered":"<p>Economia. Buone notizie, ma non troppo per l&#8217;Italia. Secondo l&#8217;Istat il nostro Paese \u00e8 fuori dalla recessione, la crescita per\u00f2 \u00e8 davvero modesta. Cala inoltre il tasso di disoccupazione. Il servizio di Marco Bergamaschi, a seguire l&#8217;analisi di Marco Girardo, esperto di economia del quotidiano Avvenire.&nbsp;L&#8217;intervista a cura di Luciano Piscaglia<\/p>\n","protected":false},"featured_media":47684,"comment_status":"closed","ping_status":"closed","template":"","tags":[],"class_list":["post-47683","video","type-video","status-publish","has-post-thumbnail","hentry","video_category-economia","video_category-news"],"acf":[],"aioseo_notices":[],"url_youtube":"RS4Dsoenq2E","featured_image_url":"https:\/\/i.ytimg.com\/vi\/RS4Dsoenq2E\/mqdefault.jpg","_links":{"self":[{"href":"https:\/\/www.tv2000.it\/tg2000\/wp-json\/wp\/v2\/video\/47683","targetHints":{"allow":["GET"]}}],"collection":[{"href":"https:\/\/www.tv2000.it\/tg2000\/wp-json\/wp\/v2\/video"}],"about":[{"href":"https:\/\/www.tv2000.it\/tg2000\/wp-json\/wp\/v2\/types\/video"}],"replies":[{"embeddable":true,"href":"https:\/\/www.tv2000.it\/tg2000\/wp-json\/wp\/v2\/comments?post=47683"}],"wp:featuredmedia":[{"embeddable":true,"href":"https:\/\/www.tv2000.it\/tg2000\/wp-json\/wp\/v2\/media\/47684"}],"wp:attachment":[{"href":"https:\/\/www.tv2000.it\/tg2000\/wp-json\/wp\/v2\/media?parent=47683"}],"wp:term":[{"taxonomy":"post_tag","embeddable":true,"href":"https:\/\/www.tv2000.it\/tg2000\/wp-json\/wp\/v2\/tags?post=47683"}],"curies":[{"name":"wp","href":"https:\/\/api.w.org\/{rel}","templated":true}]}}

<p>Economia. Buone notizie, ma non troppo per l&#8217;Italia. Secondo l&#8217;Istat il nostro Paese è fuori dalla recessione, la crescita però è davvero modesta. Cala inoltre il tasso di disoccupazione. Il servizio di Marco Bergamaschi, a seguire l&#8217;analisi di Marco Girardo, esperto di economia del quotidiano Avvenire.&nbsp;L&#8217;intervista a cura di Luciano Piscaglia</p>
