{"id":47685,"date":"2019-04-30T20:16:57","date_gmt":"2019-04-30T18:16:57","guid":{"rendered":"http:\/\/www.tv2000.it\/tg2000\/?post_type=video&#038;p=47685"},"modified":"2019-04-30T20:16:57","modified_gmt":"2019-04-30T18:16:57","slug":"venezuela-sullorlo-della-guerra-civile","status":"publish","type":"video","link":"https:\/\/www.tv2000.it\/tg2000\/video\/venezuela-sullorlo-della-guerra-civile\/","title":{"rendered":"Venezuela sull\u2019orlo della guerra civile"},"content":{"rendered":"<p>Il Venezuela ormai sull&#8217;orlo della guerra civile. Il presidente dell&#8217;assemblea nazionale, Juan Guaid\u00f2, ha invitato alla rivolta i militari. Scontri si sono verificati a Caracas e in altre localit\u00e0. In un clima di preoccupazione fra le diplomazie, l&#8217;appoggio della Casa bianca a Guaid\u00f2. Servizio di Antonio Soviero.<\/p>\n","protected":false},"featured_media":47686,"comment_status":"closed","ping_status":"closed","template":"","tags":[],"class_list":["post-47685","video","type-video","status-publish","has-post-thumbnail","hentry","video_category-esteri","video_category-news"],"acf":[],"aioseo_notices":[],"url_youtube":"D2U4s_pNkTU","featured_image_url":"https:\/\/i.ytimg.com\/vi\/D2U4s_pNkTU\/mqdefault.jpg","_links":{"self":[{"href":"https:\/\/www.tv2000.it\/tg2000\/wp-json\/wp\/v2\/video\/47685","targetHints":{"allow":["GET"]}}],"collection":[{"href":"https:\/\/www.tv2000.it\/tg2000\/wp-json\/wp\/v2\/video"}],"about":[{"href":"https:\/\/www.tv2000.it\/tg2000\/wp-json\/wp\/v2\/types\/video"}],"replies":[{"embeddable":true,"href":"https:\/\/www.tv2000.it\/tg2000\/wp-json\/wp\/v2\/comments?post=47685"}],"wp:featuredmedia":[{"embeddable":true,"href":"https:\/\/www.tv2000.it\/tg2000\/wp-json\/wp\/v2\/media\/47686"}],"wp:attachment":[{"href":"https:\/\/www.tv2000.it\/tg2000\/wp-json\/wp\/v2\/media?parent=47685"}],"wp:term":[{"taxonomy":"post_tag","embeddable":true,"href":"https:\/\/www.tv2000.it\/tg2000\/wp-json\/wp\/v2\/tags?post=47685"}],"curies":[{"name":"wp","href":"https:\/\/api.w.org\/{rel}","templated":true}]}}

<p>Il Venezuela ormai sull&#8217;orlo della guerra civile. Il presidente dell&#8217;assemblea nazionale, Juan Guaidò, ha invitato alla rivolta i militari. Scontri si sono verificati a Caracas e in altre località. In un clima di preoccupazione fra le diplomazie, l&#8217;appoggio della Casa bianca a Guaidò. Servizio di Antonio Soviero.</p>
