{"id":47734,"date":"2019-05-01T19:50:07","date_gmt":"2019-05-01T17:50:07","guid":{"rendered":"http:\/\/www.tv2000.it\/tg2000\/?post_type=video&#038;p=47734"},"modified":"2019-05-02T15:50:28","modified_gmt":"2019-05-02T13:50:28","slug":"1-maggio-presidio-a-termini-imerese-in-difficolta-oltre-mille-famiglie","status":"publish","type":"video","link":"https:\/\/www.tv2000.it\/tg2000\/video\/1-maggio-presidio-a-termini-imerese-in-difficolta-oltre-mille-famiglie\/","title":{"rendered":"1 maggio, presidio a Termini Imerese. In difficolt\u00e0 oltre mille famiglie"},"content":{"rendered":"<p>Il primo maggio non \u00e8 una giornata di festa per i lavoratori di Termini Imerese. Non lo \u00e8 da 8 anni ormai, da quando la Fiat ha deciso di abbandonare questo stabilimento e lasciare nell\u2019incertezza oltre mille famiglie. Il servizio di Luca Licata<\/p>\n","protected":false},"featured_media":47735,"comment_status":"closed","ping_status":"closed","template":"","tags":[],"class_list":["post-47734","video","type-video","status-publish","has-post-thumbnail","hentry","video_category-lavoro","video_category-news"],"acf":[],"aioseo_notices":[],"url_youtube":"OvMM9192rxc","featured_image_url":"https:\/\/i.ytimg.com\/vi\/OvMM9192rxc\/mqdefault.jpg","_links":{"self":[{"href":"https:\/\/www.tv2000.it\/tg2000\/wp-json\/wp\/v2\/video\/47734","targetHints":{"allow":["GET"]}}],"collection":[{"href":"https:\/\/www.tv2000.it\/tg2000\/wp-json\/wp\/v2\/video"}],"about":[{"href":"https:\/\/www.tv2000.it\/tg2000\/wp-json\/wp\/v2\/types\/video"}],"replies":[{"embeddable":true,"href":"https:\/\/www.tv2000.it\/tg2000\/wp-json\/wp\/v2\/comments?post=47734"}],"wp:featuredmedia":[{"embeddable":true,"href":"https:\/\/www.tv2000.it\/tg2000\/wp-json\/wp\/v2\/media\/47735"}],"wp:attachment":[{"href":"https:\/\/www.tv2000.it\/tg2000\/wp-json\/wp\/v2\/media?parent=47734"}],"wp:term":[{"taxonomy":"post_tag","embeddable":true,"href":"https:\/\/www.tv2000.it\/tg2000\/wp-json\/wp\/v2\/tags?post=47734"}],"curies":[{"name":"wp","href":"https:\/\/api.w.org\/{rel}","templated":true}]}}

1 maggio, presidio a Termini Imerese. In difficoltà oltre mille famiglie

<p>Il primo maggio non è una giornata di festa per i lavoratori di Termini Imerese. Non lo è da 8 anni ormai, da quando la Fiat ha deciso di abbandonare questo stabilimento e lasciare nell’incertezza oltre mille famiglie. Il servizio di Luca Licata</p>
