{"id":47950,"date":"2019-05-07T20:10:26","date_gmt":"2019-05-07T18:10:26","guid":{"rendered":"http:\/\/www.tv2000.it\/tg2000\/?post_type=video&#038;p=47950"},"modified":"2019-05-07T20:10:26","modified_gmt":"2019-05-07T18:10:26","slug":"la-morte-di-jean-vanier-ecco-una-delle-sue-ultime-interviste","status":"publish","type":"video","link":"https:\/\/www.tv2000.it\/tg2000\/video\/la-morte-di-jean-vanier-ecco-una-delle-sue-ultime-interviste\/","title":{"rendered":"La morte di Jean Vanier. Ecco una delle sue ultime interviste"},"content":{"rendered":"<p>A Parigi nella notte \u00e8 morto Jean Vanier, fondatore de L&#8217;Arche, una comunit\u00e0 di accoglienza per persone con disabilit\u00e0, attiva in tutto il mondo con circa 150 centri. Una delle sue ultime interviste, nel servizio di Fabio Bolzetta<\/p>\n","protected":false},"featured_media":47951,"comment_status":"closed","ping_status":"closed","template":"","tags":[],"class_list":["post-47950","video","type-video","status-publish","has-post-thumbnail","hentry","video_category-news","video_category-storie"],"acf":[],"aioseo_notices":[],"url_youtube":"GGfbUjYRc5Q","featured_image_url":"https:\/\/i.ytimg.com\/vi\/GGfbUjYRc5Q\/mqdefault.jpg","_links":{"self":[{"href":"https:\/\/www.tv2000.it\/tg2000\/wp-json\/wp\/v2\/video\/47950","targetHints":{"allow":["GET"]}}],"collection":[{"href":"https:\/\/www.tv2000.it\/tg2000\/wp-json\/wp\/v2\/video"}],"about":[{"href":"https:\/\/www.tv2000.it\/tg2000\/wp-json\/wp\/v2\/types\/video"}],"replies":[{"embeddable":true,"href":"https:\/\/www.tv2000.it\/tg2000\/wp-json\/wp\/v2\/comments?post=47950"}],"wp:featuredmedia":[{"embeddable":true,"href":"https:\/\/www.tv2000.it\/tg2000\/wp-json\/wp\/v2\/media\/47951"}],"wp:attachment":[{"href":"https:\/\/www.tv2000.it\/tg2000\/wp-json\/wp\/v2\/media?parent=47950"}],"wp:term":[{"taxonomy":"post_tag","embeddable":true,"href":"https:\/\/www.tv2000.it\/tg2000\/wp-json\/wp\/v2\/tags?post=47950"}],"curies":[{"name":"wp","href":"https:\/\/api.w.org\/{rel}","templated":true}]}}

<p>A Parigi nella notte è morto Jean Vanier, fondatore de L&#8217;Arche, una comunità di accoglienza per persone con disabilità, attiva in tutto il mondo con circa 150 centri. Una delle sue ultime interviste, nel servizio di Fabio Bolzetta</p>
