{"id":61895,"date":"2020-05-06T21:56:22","date_gmt":"2020-05-06T19:56:22","guid":{"rendered":"http:\/\/www.tv2000.it\/tg2000\/?post_type=video&#038;p=61895"},"modified":"2020-05-06T21:56:22","modified_gmt":"2020-05-06T19:56:22","slug":"santi-ragazzini-oggi-virtu-eroiche-di-matteo-farina-e-la-schiera-dei-giovani","status":"publish","type":"video","link":"https:\/\/www.tv2000.it\/tg2000\/video\/santi-ragazzini-oggi-virtu-eroiche-di-matteo-farina-e-la-schiera-dei-giovani\/","title":{"rendered":"Santi ragazzini: oggi virt\u00f9 eroiche di Matteo Farina. E la schiera dei giovani"},"content":{"rendered":"<p>Sono 5 i nuovi venerabili della Chiesa tra cui 3 italiani di cui il Papa ha riconosciuti le virt\u00f9 eroiche. Il pi\u00f9 giovane \u00e8 Matteo Farina un giovane di Brindisi morto a 18 anni nel 2009. Servizio di Paolo Fucili<\/p>\n","protected":false},"featured_media":61896,"comment_status":"closed","ping_status":"closed","template":"","tags":[],"class_list":["post-61895","video","type-video","status-publish","has-post-thumbnail","hentry","video_category-news"],"acf":[],"aioseo_notices":[],"url_youtube":"TVgfbhOwB4c","featured_image_url":"https:\/\/i.ytimg.com\/vi\/TVgfbhOwB4c\/mqdefault.jpg","_links":{"self":[{"href":"https:\/\/www.tv2000.it\/tg2000\/wp-json\/wp\/v2\/video\/61895","targetHints":{"allow":["GET"]}}],"collection":[{"href":"https:\/\/www.tv2000.it\/tg2000\/wp-json\/wp\/v2\/video"}],"about":[{"href":"https:\/\/www.tv2000.it\/tg2000\/wp-json\/wp\/v2\/types\/video"}],"replies":[{"embeddable":true,"href":"https:\/\/www.tv2000.it\/tg2000\/wp-json\/wp\/v2\/comments?post=61895"}],"wp:featuredmedia":[{"embeddable":true,"href":"https:\/\/www.tv2000.it\/tg2000\/wp-json\/wp\/v2\/media\/61896"}],"wp:attachment":[{"href":"https:\/\/www.tv2000.it\/tg2000\/wp-json\/wp\/v2\/media?parent=61895"}],"wp:term":[{"taxonomy":"post_tag","embeddable":true,"href":"https:\/\/www.tv2000.it\/tg2000\/wp-json\/wp\/v2\/tags?post=61895"}],"curies":[{"name":"wp","href":"https:\/\/api.w.org\/{rel}","templated":true}]}}

Santi ragazzini: oggi virtù eroiche di Matteo Farina. E la schiera dei giovani

<p>Sono 5 i nuovi venerabili della Chiesa tra cui 3 italiani di cui il Papa ha riconosciuti le virtù eroiche. Il più giovane è Matteo Farina un giovane di Brindisi morto a 18 anni nel 2009. Servizio di Paolo Fucili</p>
