{"id":62661,"date":"2020-05-25T19:46:13","date_gmt":"2020-05-25T17:46:13","guid":{"rendered":"http:\/\/www.tv2000.it\/tg2000\/?post_type=video&#038;p=62661"},"modified":"2020-05-25T19:46:22","modified_gmt":"2020-05-25T17:46:22","slug":"forza-e-coraggio-la-canzone-di-pierdavide-carone-per-risollevarsi-dal-coronavirus","status":"publish","type":"video","link":"https:\/\/www.tv2000.it\/tg2000\/video\/forza-e-coraggio-la-canzone-di-pierdavide-carone-per-risollevarsi-dal-coronavirus\/","title":{"rendered":"\u201cForza e coraggio\u201d: la canzone di Pierdavide Carone per risollevarsi dal coronavirus"},"content":{"rendered":"<p>Un problema di salute vissuto lo scorso anno, una sensibilit\u00e0 ancor pi\u00f9 accentuata nei confronti delle professioni sanitarie, oggi in prima linea contro il coronavirus. E cos\u00ec Pierdavide Carone dedica proprio a loro la sua nuova canzone. \u201cUn messaggio di appello alla capacit\u00e0 di resilienza che tutti noi dobbiamo tirare fuori in momenti come questo, perch\u00e9 il dopo sar\u00e0 complicato tanto quanto il durante\u201d. Da star del piccolo schermo, alla vittoria a Sanremo in veste di autore, fino alla partecipazione al fianco di Lucio Dalla. L\u2019anno scorso il successo di Caramelle, canzone contro la pedofilia. Questa \u00e8 invece la volta di \u201cForza e coraggio\u201d, i cui proventi andranno all\u2019ospedale milanese Humanitas. \u201cQuesto periodo di quarantena \u00e8 stato per me bello e importante \u2013 ha dichiarato Pierdavide &#8211; perch\u00e9 mi sono riappropriato della mia solitudine, che era una condizione che avevo un po\u2019 perso. Vorrei fare un grande saluto ai telespettatori di Tv2000 e dire a tutti quanti voi e a tutti noi, forza e coraggio!\u201d Intervista di Silvio Vitelli<\/p>\n","protected":false},"featured_media":62662,"comment_status":"closed","ping_status":"closed","template":"","tags":[2000],"class_list":["post-62661","video","type-video","status-publish","has-post-thumbnail","hentry","tag-coronavirus","video_category-libri-dischi-e-film","video_category-news"],"acf":[],"aioseo_notices":[],"url_youtube":"30D_TMIVnEE","featured_image_url":"https:\/\/i.ytimg.com\/vi\/30D_TMIVnEE\/mqdefault.jpg","_links":{"self":[{"href":"https:\/\/www.tv2000.it\/tg2000\/wp-json\/wp\/v2\/video\/62661","targetHints":{"allow":["GET"]}}],"collection":[{"href":"https:\/\/www.tv2000.it\/tg2000\/wp-json\/wp\/v2\/video"}],"about":[{"href":"https:\/\/www.tv2000.it\/tg2000\/wp-json\/wp\/v2\/types\/video"}],"replies":[{"embeddable":true,"href":"https:\/\/www.tv2000.it\/tg2000\/wp-json\/wp\/v2\/comments?post=62661"}],"wp:featuredmedia":[{"embeddable":true,"href":"https:\/\/www.tv2000.it\/tg2000\/wp-json\/wp\/v2\/media\/62662"}],"wp:attachment":[{"href":"https:\/\/www.tv2000.it\/tg2000\/wp-json\/wp\/v2\/media?parent=62661"}],"wp:term":[{"taxonomy":"post_tag","embeddable":true,"href":"https:\/\/www.tv2000.it\/tg2000\/wp-json\/wp\/v2\/tags?post=62661"}],"curies":[{"name":"wp","href":"https:\/\/api.w.org\/{rel}","templated":true}]}}

<p>Un problema di salute vissuto lo scorso anno, una sensibilità ancor più accentuata nei confronti delle professioni sanitarie, oggi in prima linea contro il coronavirus. E così Pierdavide Carone dedica proprio a loro la sua nuova canzone. “Un messaggio di appello alla capacità di resilienza che tutti noi dobbiamo tirare fuori in momenti come questo, perché il dopo sarà complicato tanto quanto il durante”. Da star del piccolo schermo, alla vittoria a Sanremo in veste di autore, fino alla partecipazione al fianco di Lucio Dalla. L’anno scorso il successo di Caramelle, canzone contro la pedofilia. Questa è invece la volta di “Forza e coraggio”, i cui proventi andranno all’ospedale milanese Humanitas. “Questo periodo di quarantena è stato per me bello e importante – ha dichiarato Pierdavide &#8211; perché mi sono riappropriato della mia solitudine, che era una condizione che avevo un po’ perso. Vorrei fare un grande saluto ai telespettatori di Tv2000 e dire a tutti quanti voi e a tutti noi, forza e coraggio!” Intervista di Silvio Vitelli</p>
