{"id":668988,"date":"2025-12-10T12:53:23","date_gmt":"2025-12-10T11:53:23","guid":{"rendered":"https:\/\/www.tv2000.it\/tg2000\/?post_type=video&#038;p=668988"},"modified":"2025-12-10T12:53:28","modified_gmt":"2025-12-10T11:53:28","slug":"la-cucina-italiana-patrimonio-dellumanita-unesco","status":"publish","type":"video","link":"https:\/\/www.tv2000.it\/tg2000\/video\/la-cucina-italiana-patrimonio-dellumanita-unesco\/","title":{"rendered":"La cucina italiana patrimonio dell&#8217;umanit\u00e0 Unesco"},"content":{"rendered":"<p>Il riconoscimento arriva dall&#8217;Unesco: la cucina italiana \u00e8 diventata patrimonio dell&#8217;umanit\u00e0, \u00e8 la prima volta al mondo.<\/p>\n<p>Servizio di Caterina Dall&#8217;Olio<\/p>\n","protected":false},"featured_media":668990,"comment_status":"closed","ping_status":"closed","template":"","tags":[1500,2052],"class_list":["post-668988","video","type-video","status-publish","has-post-thumbnail","hentry","tag-cucina","tag-unesco","video_category-attualita","video_category-news"],"acf":[],"aioseo_notices":[],"url_youtube":"1Pt7gBd-H6k","featured_image_url":"https:\/\/i.ytimg.com\/vi\/1Pt7gBd-H6k\/mqdefault.jpg","_links":{"self":[{"href":"https:\/\/www.tv2000.it\/tg2000\/wp-json\/wp\/v2\/video\/668988","targetHints":{"allow":["GET"]}}],"collection":[{"href":"https:\/\/www.tv2000.it\/tg2000\/wp-json\/wp\/v2\/video"}],"about":[{"href":"https:\/\/www.tv2000.it\/tg2000\/wp-json\/wp\/v2\/types\/video"}],"replies":[{"embeddable":true,"href":"https:\/\/www.tv2000.it\/tg2000\/wp-json\/wp\/v2\/comments?post=668988"}],"wp:featuredmedia":[{"embeddable":true,"href":"https:\/\/www.tv2000.it\/tg2000\/wp-json\/wp\/v2\/media\/668990"}],"wp:attachment":[{"href":"https:\/\/www.tv2000.it\/tg2000\/wp-json\/wp\/v2\/media?parent=668988"}],"wp:term":[{"taxonomy":"post_tag","embeddable":true,"href":"https:\/\/www.tv2000.it\/tg2000\/wp-json\/wp\/v2\/tags?post=668988"}],"curies":[{"name":"wp","href":"https:\/\/api.w.org\/{rel}","templated":true}]}}

La cucina italiana patrimonio dell&#8217;umanità Unesco

<p>Il riconoscimento arriva dall&#8217;Unesco: la cucina italiana è diventata patrimonio dell&#8217;umanità, è la prima volta al mondo.</p>
<p>Servizio di Caterina Dall&#8217;Olio</p>
