{"id":682573,"date":"2026-01-21T19:54:45","date_gmt":"2026-01-21T18:54:45","guid":{"rendered":"https:\/\/www.tv2000.it\/tg2000\/?post_type=video&#038;p=682573"},"modified":"2026-01-21T19:54:45","modified_gmt":"2026-01-21T18:54:45","slug":"sanita-raddoppiata-la-spesa-privata-delle-famiglie-in-40-anni","status":"publish","type":"video","link":"https:\/\/www.tv2000.it\/tg2000\/video\/sanita-raddoppiata-la-spesa-privata-delle-famiglie-in-40-anni\/","title":{"rendered":"Sanit\u00e0, raddoppiata la spesa privata delle famiglie in 40 anni"},"content":{"rendered":"<p>Raddoppiata in oltre 40 anni la spesa delle famiglie italiane per la sanit\u00e0 privata. Lo segnala un rapporto del Crea, Centro per la ricerca economica applicata in sanit\u00e0, da cui emerge una crescente disparit\u00e0 nell\u2019accesso alle cure.<br \/>\nServizio di Antonella Mitola<\/p>\n","protected":false},"featured_media":682574,"comment_status":"closed","ping_status":"closed","template":"","tags":[],"class_list":["post-682573","video","type-video","status-publish","has-post-thumbnail","hentry","video_category-news","video_category-salute"],"acf":[],"aioseo_notices":[],"url_youtube":"5DjCE6zHF-0","featured_image_url":"https:\/\/i.ytimg.com\/vi\/5DjCE6zHF-0\/mqdefault.jpg","_links":{"self":[{"href":"https:\/\/www.tv2000.it\/tg2000\/wp-json\/wp\/v2\/video\/682573","targetHints":{"allow":["GET"]}}],"collection":[{"href":"https:\/\/www.tv2000.it\/tg2000\/wp-json\/wp\/v2\/video"}],"about":[{"href":"https:\/\/www.tv2000.it\/tg2000\/wp-json\/wp\/v2\/types\/video"}],"replies":[{"embeddable":true,"href":"https:\/\/www.tv2000.it\/tg2000\/wp-json\/wp\/v2\/comments?post=682573"}],"wp:featuredmedia":[{"embeddable":true,"href":"https:\/\/www.tv2000.it\/tg2000\/wp-json\/wp\/v2\/media\/682574"}],"wp:attachment":[{"href":"https:\/\/www.tv2000.it\/tg2000\/wp-json\/wp\/v2\/media?parent=682573"}],"wp:term":[{"taxonomy":"post_tag","embeddable":true,"href":"https:\/\/www.tv2000.it\/tg2000\/wp-json\/wp\/v2\/tags?post=682573"}],"curies":[{"name":"wp","href":"https:\/\/api.w.org\/{rel}","templated":true}]}}

Sanità, raddoppiata la spesa privata delle famiglie in 40 anni

<p>Raddoppiata in oltre 40 anni la spesa delle famiglie italiane per la sanità privata. Lo segnala un rapporto del Crea, Centro per la ricerca economica applicata in sanità, da cui emerge una crescente disparità nell’accesso alle cure.<br />
Servizio di Antonella Mitola</p>
