{"id":682616,"date":"2026-01-22T13:12:51","date_gmt":"2026-01-22T12:12:51","guid":{"rendered":"https:\/\/www.tv2000.it\/tg2000\/?post_type=video&#038;p=682616"},"modified":"2026-01-22T13:12:51","modified_gmt":"2026-01-22T12:12:51","slug":"ucraina-zelensky-verso-davos-popolazione-al-freddo","status":"publish","type":"video","link":"https:\/\/www.tv2000.it\/tg2000\/video\/ucraina-zelensky-verso-davos-popolazione-al-freddo\/","title":{"rendered":"Ucraina, Zelensky verso Davos. Popolazione al freddo"},"content":{"rendered":"<p>Il presidente ucraino Zelensky \u00e8 arrivato in Svizzera, dove incontrer\u00e0 Donald Trump mentre il suo intervento \u00e8 previsto per le 14.30.<br \/>\nServizio di Paolo Fucili<\/p>\n","protected":false},"featured_media":682617,"comment_status":"closed","ping_status":"closed","template":"","tags":[2162],"class_list":["post-682616","video","type-video","status-publish","has-post-thumbnail","hentry","tag-russiaucraina","video_category-esteri","video_category-news","video_category-ucraina2022"],"acf":[],"aioseo_notices":[],"url_youtube":"1HVkQ2RRcU4","featured_image_url":"https:\/\/i.ytimg.com\/vi\/1HVkQ2RRcU4\/mqdefault.jpg","_links":{"self":[{"href":"https:\/\/www.tv2000.it\/tg2000\/wp-json\/wp\/v2\/video\/682616","targetHints":{"allow":["GET"]}}],"collection":[{"href":"https:\/\/www.tv2000.it\/tg2000\/wp-json\/wp\/v2\/video"}],"about":[{"href":"https:\/\/www.tv2000.it\/tg2000\/wp-json\/wp\/v2\/types\/video"}],"replies":[{"embeddable":true,"href":"https:\/\/www.tv2000.it\/tg2000\/wp-json\/wp\/v2\/comments?post=682616"}],"wp:featuredmedia":[{"embeddable":true,"href":"https:\/\/www.tv2000.it\/tg2000\/wp-json\/wp\/v2\/media\/682617"}],"wp:attachment":[{"href":"https:\/\/www.tv2000.it\/tg2000\/wp-json\/wp\/v2\/media?parent=682616"}],"wp:term":[{"taxonomy":"post_tag","embeddable":true,"href":"https:\/\/www.tv2000.it\/tg2000\/wp-json\/wp\/v2\/tags?post=682616"}],"curies":[{"name":"wp","href":"https:\/\/api.w.org\/{rel}","templated":true}]}}

<p>Il presidente ucraino Zelensky è arrivato in Svizzera, dove incontrerà Donald Trump mentre il suo intervento è previsto per le 14.30.<br />
Servizio di Paolo Fucili</p>
