{"id":682769,"date":"2026-01-26T19:43:54","date_gmt":"2026-01-26T18:43:54","guid":{"rendered":"https:\/\/www.tv2000.it\/tg2000\/?post_type=video&#038;p=682769"},"modified":"2026-01-26T19:43:54","modified_gmt":"2026-01-26T18:43:54","slug":"card-zuppi-il-dramma-di-abu-a-la-spezia-ci-interpella","status":"publish","type":"video","link":"https:\/\/www.tv2000.it\/tg2000\/video\/card-zuppi-il-dramma-di-abu-a-la-spezia-ci-interpella\/","title":{"rendered":"Card. Zuppi: \u201cIl dramma di Abu a La Spezia ci interpella\u201d"},"content":{"rendered":"<p>\u201cSiamo tutti ancora scossi da quanto \u00e8 avvenuto a La Spezia, dove la vita di Abu \u00e8 stata spezzata in modo tragico e incomprensibile per mano di un coetaneo\u201d. Lo ha affermato il presidente della Cei, il card. Matteo Zuppi nell\u2019apertura dei lavori del Consiglio episcopale permanente della Cei.<br \/>\n\u201cDavanti a un dolore cos\u00ec grande \u2013 ha sottolineato il card. Zuppi &#8211; il primo sentimento che ci unisce \u00e8 la preghiera per la vittima, per la sua famiglia, anche per chi ha compiuto questo gesto, perch\u00e9 nessuno \u00e8 riducibile al proprio errore. Questo dramma ci interpella come comunit\u00e0 civile educativa, ci ricorda quanto sia urgente accompagnare i giovani\u201d<\/p>\n","protected":false},"featured_media":682770,"comment_status":"closed","ping_status":"closed","template":"","tags":[],"class_list":["post-682769","video","type-video","status-publish","has-post-thumbnail","hentry","video_category-chiesa","video_category-news"],"acf":[],"aioseo_notices":[],"url_youtube":"MKiQK9u6iPQ","featured_image_url":"https:\/\/i.ytimg.com\/vi\/MKiQK9u6iPQ\/mqdefault.jpg","_links":{"self":[{"href":"https:\/\/www.tv2000.it\/tg2000\/wp-json\/wp\/v2\/video\/682769","targetHints":{"allow":["GET"]}}],"collection":[{"href":"https:\/\/www.tv2000.it\/tg2000\/wp-json\/wp\/v2\/video"}],"about":[{"href":"https:\/\/www.tv2000.it\/tg2000\/wp-json\/wp\/v2\/types\/video"}],"replies":[{"embeddable":true,"href":"https:\/\/www.tv2000.it\/tg2000\/wp-json\/wp\/v2\/comments?post=682769"}],"wp:featuredmedia":[{"embeddable":true,"href":"https:\/\/www.tv2000.it\/tg2000\/wp-json\/wp\/v2\/media\/682770"}],"wp:attachment":[{"href":"https:\/\/www.tv2000.it\/tg2000\/wp-json\/wp\/v2\/media?parent=682769"}],"wp:term":[{"taxonomy":"post_tag","embeddable":true,"href":"https:\/\/www.tv2000.it\/tg2000\/wp-json\/wp\/v2\/tags?post=682769"}],"curies":[{"name":"wp","href":"https:\/\/api.w.org\/{rel}","templated":true}]}}

<p>“Siamo tutti ancora scossi da quanto è avvenuto a La Spezia, dove la vita di Abu è stata spezzata in modo tragico e incomprensibile per mano di un coetaneo”. Lo ha affermato il presidente della Cei, il card. Matteo Zuppi nell’apertura dei lavori del Consiglio episcopale permanente della Cei.<br />
“Davanti a un dolore così grande – ha sottolineato il card. Zuppi &#8211; il primo sentimento che ci unisce è la preghiera per la vittima, per la sua famiglia, anche per chi ha compiuto questo gesto, perché nessuno è riducibile al proprio errore. Questo dramma ci interpella come comunità civile educativa, ci ricorda quanto sia urgente accompagnare i giovani”</p>
