{"id":682861,"date":"2026-01-27T20:44:04","date_gmt":"2026-01-27T19:44:04","guid":{"rendered":"https:\/\/www.tv2000.it\/tg2000\/?post_type=video&#038;p=682861"},"modified":"2026-01-27T20:44:04","modified_gmt":"2026-01-27T19:44:04","slug":"quel-giorno-ad-auschwitz-la-storia-la-memoria","status":"publish","type":"video","link":"https:\/\/www.tv2000.it\/tg2000\/video\/quel-giorno-ad-auschwitz-la-storia-la-memoria\/","title":{"rendered":"Quel giorno ad Auschwitz. La storia, la memoria"},"content":{"rendered":"<p>Lo stesso giorno 81 anni dopo. Alcuni ebrei sopravvissuti tornano ad Auschwitz per deporre ceri e fiori. Per ricordare al mondo cosa \u00e8 capace l\u2019uomo quando la follia prende il sopravvento sulla ragione. C\u2019erano anche loro tra i 7 mila ritrovati, malati e stremati, ma in vita, il 27 gennaio 1945, giorno in cui l\u2019Armata Rossa liber\u00f2 il Campo. Da allora il 27 gennaio \u00e8 commemorato come Giornata della Memoria. Auschwitz \u00e8 stato il pi\u00f9 grande campo di concentramento e sterminio nazista, nonch\u00e9 il principale simbolo della Shoah. Servizio di Antonio Soviero<\/p>\n","protected":false},"featured_media":682862,"comment_status":"closed","ping_status":"closed","template":"","tags":[],"class_list":["post-682861","video","type-video","status-publish","has-post-thumbnail","hentry","video_category-news"],"acf":[],"aioseo_notices":[],"url_youtube":"TRX1nHu2z-I","featured_image_url":"https:\/\/i.ytimg.com\/vi\/TRX1nHu2z-I\/mqdefault.jpg","_links":{"self":[{"href":"https:\/\/www.tv2000.it\/tg2000\/wp-json\/wp\/v2\/video\/682861","targetHints":{"allow":["GET"]}}],"collection":[{"href":"https:\/\/www.tv2000.it\/tg2000\/wp-json\/wp\/v2\/video"}],"about":[{"href":"https:\/\/www.tv2000.it\/tg2000\/wp-json\/wp\/v2\/types\/video"}],"replies":[{"embeddable":true,"href":"https:\/\/www.tv2000.it\/tg2000\/wp-json\/wp\/v2\/comments?post=682861"}],"wp:featuredmedia":[{"embeddable":true,"href":"https:\/\/www.tv2000.it\/tg2000\/wp-json\/wp\/v2\/media\/682862"}],"wp:attachment":[{"href":"https:\/\/www.tv2000.it\/tg2000\/wp-json\/wp\/v2\/media?parent=682861"}],"wp:term":[{"taxonomy":"post_tag","embeddable":true,"href":"https:\/\/www.tv2000.it\/tg2000\/wp-json\/wp\/v2\/tags?post=682861"}],"curies":[{"name":"wp","href":"https:\/\/api.w.org\/{rel}","templated":true}]}}

<p>Lo stesso giorno 81 anni dopo. Alcuni ebrei sopravvissuti tornano ad Auschwitz per deporre ceri e fiori. Per ricordare al mondo cosa è capace l’uomo quando la follia prende il sopravvento sulla ragione. C’erano anche loro tra i 7 mila ritrovati, malati e stremati, ma in vita, il 27 gennaio 1945, giorno in cui l’Armata Rossa liberò il Campo. Da allora il 27 gennaio è commemorato come Giornata della Memoria. Auschwitz è stato il più grande campo di concentramento e sterminio nazista, nonché il principale simbolo della Shoah. Servizio di Antonio Soviero</p>
