{"id":682965,"date":"2026-01-29T20:06:09","date_gmt":"2026-01-29T19:06:09","guid":{"rendered":"https:\/\/www.tv2000.it\/tg2000\/?post_type=video&#038;p=682965"},"modified":"2026-01-29T20:06:09","modified_gmt":"2026-01-29T19:06:09","slug":"decreto-semplificazioni-carta-identita-senza-scadenza-e-tessera-elettorale-digitale","status":"publish","type":"video","link":"https:\/\/www.tv2000.it\/tg2000\/video\/decreto-semplificazioni-carta-identita-senza-scadenza-e-tessera-elettorale-digitale\/","title":{"rendered":"Decreto semplificazioni: carta identit\u00e0 senza scadenza e tessera elettorale digitale"},"content":{"rendered":"<p>Carta d\u2019identit\u00e0 senza pi\u00f9 scadenza per gli over 70 e tessera elettorale in formato digitale: sono alcune delle novit\u00e0 approvate dal Consiglio dei ministri nel decreto semplificazioni.<br \/>\nServizio di Alessio Orlandi<\/p>\n","protected":false},"featured_media":682966,"comment_status":"closed","ping_status":"closed","template":"","tags":[],"class_list":["post-682965","video","type-video","status-publish","has-post-thumbnail","hentry","video_category-news"],"acf":[],"aioseo_notices":[],"url_youtube":"g0wIQFJGP_E","featured_image_url":"https:\/\/i.ytimg.com\/vi\/g0wIQFJGP_E\/mqdefault.jpg","_links":{"self":[{"href":"https:\/\/www.tv2000.it\/tg2000\/wp-json\/wp\/v2\/video\/682965","targetHints":{"allow":["GET"]}}],"collection":[{"href":"https:\/\/www.tv2000.it\/tg2000\/wp-json\/wp\/v2\/video"}],"about":[{"href":"https:\/\/www.tv2000.it\/tg2000\/wp-json\/wp\/v2\/types\/video"}],"replies":[{"embeddable":true,"href":"https:\/\/www.tv2000.it\/tg2000\/wp-json\/wp\/v2\/comments?post=682965"}],"wp:featuredmedia":[{"embeddable":true,"href":"https:\/\/www.tv2000.it\/tg2000\/wp-json\/wp\/v2\/media\/682966"}],"wp:attachment":[{"href":"https:\/\/www.tv2000.it\/tg2000\/wp-json\/wp\/v2\/media?parent=682965"}],"wp:term":[{"taxonomy":"post_tag","embeddable":true,"href":"https:\/\/www.tv2000.it\/tg2000\/wp-json\/wp\/v2\/tags?post=682965"}],"curies":[{"name":"wp","href":"https:\/\/api.w.org\/{rel}","templated":true}]}}

Decreto semplificazioni: carta identità senza scadenza e tessera elettorale digitale

<p>Carta d’identità senza più scadenza per gli over 70 e tessera elettorale in formato digitale: sono alcune delle novità approvate dal Consiglio dei ministri nel decreto semplificazioni.<br />
Servizio di Alessio Orlandi</p>
