{"id":682967,"date":"2026-01-29T20:09:15","date_gmt":"2026-01-29T19:09:15","guid":{"rendered":"https:\/\/www.tv2000.it\/tg2000\/?post_type=video&#038;p=682967"},"modified":"2026-01-29T20:09:15","modified_gmt":"2026-01-29T19:09:15","slug":"niscemi-musumeci-riferira-alla-camera","status":"publish","type":"video","link":"https:\/\/www.tv2000.it\/tg2000\/video\/niscemi-musumeci-riferira-alla-camera\/","title":{"rendered":"Niscemi, Musumeci riferir\u00e0 alla Camera"},"content":{"rendered":"<p>Il ministro per la Protezione civile Nello Musumeci riferir\u00e0 alla Camera sul disastro di Niscemi mercoled\u00ec 4 febbraio. Le opposizioni chiedono per\u00f2 che a intervenire sia direttamente la presidente del Consiglio Giorgia Meloni.<br \/>\nServizio di Augusto Cantelmi<\/p>\n","protected":false},"featured_media":682968,"comment_status":"closed","ping_status":"closed","template":"","tags":[868],"class_list":["post-682967","video","type-video","status-publish","has-post-thumbnail","hentry","tag-clima","video_category-attualita","video_category-news"],"acf":[],"aioseo_notices":[],"url_youtube":"U3UsNt6GxPw","featured_image_url":"https:\/\/i.ytimg.com\/vi\/U3UsNt6GxPw\/mqdefault.jpg","_links":{"self":[{"href":"https:\/\/www.tv2000.it\/tg2000\/wp-json\/wp\/v2\/video\/682967","targetHints":{"allow":["GET"]}}],"collection":[{"href":"https:\/\/www.tv2000.it\/tg2000\/wp-json\/wp\/v2\/video"}],"about":[{"href":"https:\/\/www.tv2000.it\/tg2000\/wp-json\/wp\/v2\/types\/video"}],"replies":[{"embeddable":true,"href":"https:\/\/www.tv2000.it\/tg2000\/wp-json\/wp\/v2\/comments?post=682967"}],"wp:featuredmedia":[{"embeddable":true,"href":"https:\/\/www.tv2000.it\/tg2000\/wp-json\/wp\/v2\/media\/682968"}],"wp:attachment":[{"href":"https:\/\/www.tv2000.it\/tg2000\/wp-json\/wp\/v2\/media?parent=682967"}],"wp:term":[{"taxonomy":"post_tag","embeddable":true,"href":"https:\/\/www.tv2000.it\/tg2000\/wp-json\/wp\/v2\/tags?post=682967"}],"curies":[{"name":"wp","href":"https:\/\/api.w.org\/{rel}","templated":true}]}}

Niscemi, Musumeci riferirà alla Camera

<p>Il ministro per la Protezione civile Nello Musumeci riferirà alla Camera sul disastro di Niscemi mercoledì 4 febbraio. Le opposizioni chiedono però che a intervenire sia direttamente la presidente del Consiglio Giorgia Meloni.<br />
Servizio di Augusto Cantelmi</p>
