{"id":683006,"date":"2026-01-30T12:49:18","date_gmt":"2026-01-30T11:49:18","guid":{"rendered":"https:\/\/www.tv2000.it\/tg2000\/?post_type=video&#038;p=683006"},"modified":"2026-01-30T12:49:18","modified_gmt":"2026-01-30T11:49:18","slug":"niscemi-la-frana-fa-ancora-paura-il-parroco-la-gente-ha-bisogno-di-conforto","status":"publish","type":"video","link":"https:\/\/www.tv2000.it\/tg2000\/video\/niscemi-la-frana-fa-ancora-paura-il-parroco-la-gente-ha-bisogno-di-conforto\/","title":{"rendered":"Niscemi, la frana fa ancora paura. Il parroco: \u201cLa gente ha bisogno di conforto\u201d"},"content":{"rendered":"<p>La pioggia che da questa notte ha ripreso a cadere su Niscemi fa paura. Potrebbe infatti accelerare il movimento della frana che continua lento ma inesorabile. Sabbia e argilla rischiano di inghiottire altre decine di villette e la fascia di sicurezza di 150 m creata ai margini della frana potrebbe non bastare pi\u00f9. Il ministro Musumeci lo ha detto chiaramente, se il fenomeno non si arresta, l&#8217;area rossa \u00e8 destinata ad allargarsi. Il parroco di Niscemi, don Massimo Ingegnoso: &#8220;Molti hanno bisogno di conforto perch\u00e9 si sono trovati ad avere tutto e a non avere pi\u00f9 nulla, quindi sono rimasti l\u00ec i loro affetti, sono rimasti l\u00ec tutto ci\u00f2 che avevano, la loro vita&#8221;. Servizio di Massimiliano Cochi<\/p>\n","protected":false},"featured_media":683007,"comment_status":"closed","ping_status":"closed","template":"","tags":[],"class_list":["post-683006","video","type-video","status-publish","has-post-thumbnail","hentry","video_category-attualita","video_category-news"],"acf":[],"aioseo_notices":[],"url_youtube":"BJFqH6sSFfg","featured_image_url":"https:\/\/i.ytimg.com\/vi\/BJFqH6sSFfg\/mqdefault.jpg","_links":{"self":[{"href":"https:\/\/www.tv2000.it\/tg2000\/wp-json\/wp\/v2\/video\/683006","targetHints":{"allow":["GET"]}}],"collection":[{"href":"https:\/\/www.tv2000.it\/tg2000\/wp-json\/wp\/v2\/video"}],"about":[{"href":"https:\/\/www.tv2000.it\/tg2000\/wp-json\/wp\/v2\/types\/video"}],"replies":[{"embeddable":true,"href":"https:\/\/www.tv2000.it\/tg2000\/wp-json\/wp\/v2\/comments?post=683006"}],"wp:featuredmedia":[{"embeddable":true,"href":"https:\/\/www.tv2000.it\/tg2000\/wp-json\/wp\/v2\/media\/683007"}],"wp:attachment":[{"href":"https:\/\/www.tv2000.it\/tg2000\/wp-json\/wp\/v2\/media?parent=683006"}],"wp:term":[{"taxonomy":"post_tag","embeddable":true,"href":"https:\/\/www.tv2000.it\/tg2000\/wp-json\/wp\/v2\/tags?post=683006"}],"curies":[{"name":"wp","href":"https:\/\/api.w.org\/{rel}","templated":true}]}}

<p>La pioggia che da questa notte ha ripreso a cadere su Niscemi fa paura. Potrebbe infatti accelerare il movimento della frana che continua lento ma inesorabile. Sabbia e argilla rischiano di inghiottire altre decine di villette e la fascia di sicurezza di 150 m creata ai margini della frana potrebbe non bastare più. Il ministro Musumeci lo ha detto chiaramente, se il fenomeno non si arresta, l&#8217;area rossa è destinata ad allargarsi. Il parroco di Niscemi, don Massimo Ingegnoso: &#8220;Molti hanno bisogno di conforto perché si sono trovati ad avere tutto e a non avere più nulla, quindi sono rimasti lì i loro affetti, sono rimasti lì tutto ciò che avevano, la loro vita&#8221;. Servizio di Massimiliano Cochi</p>
