{"id":683010,"date":"2026-01-30T12:50:54","date_gmt":"2026-01-30T11:50:54","guid":{"rendered":"https:\/\/www.tv2000.it\/tg2000\/?post_type=video&#038;p=683010"},"modified":"2026-01-30T12:50:54","modified_gmt":"2026-01-30T11:50:54","slug":"sanita-giovane-torna-a-sentire-grazie-a-orecchio-bionico-intervento-nellospedale-di-padre-pio","status":"publish","type":"video","link":"https:\/\/www.tv2000.it\/tg2000\/video\/sanita-giovane-torna-a-sentire-grazie-a-orecchio-bionico-intervento-nellospedale-di-padre-pio\/","title":{"rendered":"Sanit\u00e0, giovane torna a sentire grazie a &#8216;orecchio bionico&#8217;. Intervento nell&#8217;ospedale di Padre Pio"},"content":{"rendered":"<p>E&#8217; uno dei centri multi-impiantologici pi\u00f9 avanzati nel trattamento della sordit\u00e0 profonda, l&#8217;ospedale voluto da Padre Pio a San Giovanni Rotondo, la casa sollievo della sofferenza. Qui luned\u00ec scorso \u00e8 stato applicato a un ventottenne con sordit\u00e0 bilaterale profonda l&#8217;orecchio bionico intelligente di ultima generazione dotato di memoria interna. Servizio di Francesco Durante<\/p>\n","protected":false},"featured_media":683011,"comment_status":"closed","ping_status":"closed","template":"","tags":[],"class_list":["post-683010","video","type-video","status-publish","has-post-thumbnail","hentry","video_category-news","video_category-salute"],"acf":[],"aioseo_notices":[],"url_youtube":"9SD_HSSAQuc","featured_image_url":"https:\/\/i.ytimg.com\/vi\/9SD_HSSAQuc\/mqdefault.jpg","_links":{"self":[{"href":"https:\/\/www.tv2000.it\/tg2000\/wp-json\/wp\/v2\/video\/683010","targetHints":{"allow":["GET"]}}],"collection":[{"href":"https:\/\/www.tv2000.it\/tg2000\/wp-json\/wp\/v2\/video"}],"about":[{"href":"https:\/\/www.tv2000.it\/tg2000\/wp-json\/wp\/v2\/types\/video"}],"replies":[{"embeddable":true,"href":"https:\/\/www.tv2000.it\/tg2000\/wp-json\/wp\/v2\/comments?post=683010"}],"wp:featuredmedia":[{"embeddable":true,"href":"https:\/\/www.tv2000.it\/tg2000\/wp-json\/wp\/v2\/media\/683011"}],"wp:attachment":[{"href":"https:\/\/www.tv2000.it\/tg2000\/wp-json\/wp\/v2\/media?parent=683010"}],"wp:term":[{"taxonomy":"post_tag","embeddable":true,"href":"https:\/\/www.tv2000.it\/tg2000\/wp-json\/wp\/v2\/tags?post=683010"}],"curies":[{"name":"wp","href":"https:\/\/api.w.org\/{rel}","templated":true}]}}

Sanità, giovane torna a sentire grazie a &#8216;orecchio bionico&#8217;. Intervento nell&#8217;ospedale di Padre Pio

<p>E&#8217; uno dei centri multi-impiantologici più avanzati nel trattamento della sordità profonda, l&#8217;ospedale voluto da Padre Pio a San Giovanni Rotondo, la casa sollievo della sofferenza. Qui lunedì scorso è stato applicato a un ventottenne con sordità bilaterale profonda l&#8217;orecchio bionico intelligente di ultima generazione dotato di memoria interna. Servizio di Francesco Durante</p>
