{"id":683678,"date":"2026-02-13T13:10:35","date_gmt":"2026-02-13T12:10:35","guid":{"rendered":"https:\/\/www.tv2000.it\/tg2000\/?post_type=video&#038;p=683678"},"modified":"2026-02-13T13:10:35","modified_gmt":"2026-02-13T12:10:35","slug":"formello-crollo-muro-su-una-palazzina-morto-58enne-sindaco-una-tragedia","status":"publish","type":"video","link":"https:\/\/www.tv2000.it\/tg2000\/video\/formello-crollo-muro-su-una-palazzina-morto-58enne-sindaco-una-tragedia\/","title":{"rendered":"Formello, crollo muro su una palazzina. Morto 58enne. Sindaco: &#8220;Una tragedia&#8221;"},"content":{"rendered":"<p>C&#8217;\u00e8 una vittima a Formello, alle porte di Roma, dopo un crollo di un muro di contenimento dovuto al maltempo. Il sindaco di Formello, Gian Filippo Santi, ai microfoni del Tg2000: \u201cEra una persona stimata, era il macellaio del Paese, tutti lo ricordano con affetto. \u00c8 stata veramente una tragedia. Sicuramente ci ha messo del suo l&#8217;acqua copiosa che \u00e8 venuta gi\u00f9 in questi giorni. C\u2019erano state delle avvisaglie, sabato infatti era stato fatto gi\u00e0 un intervento da parte dei Vigili del Fuoco e della nostra Polizia municipale. Era stata inibito il passaggio pedonale intorno alla palazzina, per\u00f2 purtroppo non \u00e8 stata sufficiente. \u00c8 venuto gi\u00f9 tutto il muro\u201d.<br \/>\nIn collegamento Luigi Ferraiuolo<\/p>\n","protected":false},"featured_media":683679,"comment_status":"closed","ping_status":"closed","template":"","tags":[495],"class_list":["post-683678","video","type-video","status-publish","has-post-thumbnail","hentry","tag-maltempo","video_category-cronaca","video_category-news"],"acf":[],"aioseo_notices":[],"url_youtube":"IQ8usB-U9f4","featured_image_url":"https:\/\/i.ytimg.com\/vi\/IQ8usB-U9f4\/mqdefault.jpg","_links":{"self":[{"href":"https:\/\/www.tv2000.it\/tg2000\/wp-json\/wp\/v2\/video\/683678","targetHints":{"allow":["GET"]}}],"collection":[{"href":"https:\/\/www.tv2000.it\/tg2000\/wp-json\/wp\/v2\/video"}],"about":[{"href":"https:\/\/www.tv2000.it\/tg2000\/wp-json\/wp\/v2\/types\/video"}],"replies":[{"embeddable":true,"href":"https:\/\/www.tv2000.it\/tg2000\/wp-json\/wp\/v2\/comments?post=683678"}],"wp:featuredmedia":[{"embeddable":true,"href":"https:\/\/www.tv2000.it\/tg2000\/wp-json\/wp\/v2\/media\/683679"}],"wp:attachment":[{"href":"https:\/\/www.tv2000.it\/tg2000\/wp-json\/wp\/v2\/media?parent=683678"}],"wp:term":[{"taxonomy":"post_tag","embeddable":true,"href":"https:\/\/www.tv2000.it\/tg2000\/wp-json\/wp\/v2\/tags?post=683678"}],"curies":[{"name":"wp","href":"https:\/\/api.w.org\/{rel}","templated":true}]}}

<p>C&#8217;è una vittima a Formello, alle porte di Roma, dopo un crollo di un muro di contenimento dovuto al maltempo. Il sindaco di Formello, Gian Filippo Santi, ai microfoni del Tg2000: “Era una persona stimata, era il macellaio del Paese, tutti lo ricordano con affetto. È stata veramente una tragedia. Sicuramente ci ha messo del suo l&#8217;acqua copiosa che è venuta giù in questi giorni. C’erano state delle avvisaglie, sabato infatti era stato fatto già un intervento da parte dei Vigili del Fuoco e della nostra Polizia municipale. Era stata inibito il passaggio pedonale intorno alla palazzina, però purtroppo non è stata sufficiente. È venuto giù tutto il muro”.<br />
In collegamento Luigi Ferraiuolo</p>
