{"id":683838,"date":"2026-02-17T20:24:30","date_gmt":"2026-02-17T19:24:30","guid":{"rendered":"https:\/\/www.tv2000.it\/tg2000\/?post_type=video&#038;p=683838"},"modified":"2026-02-17T20:24:30","modified_gmt":"2026-02-17T19:24:30","slug":"gaza-card-parolin-vaticano-non-partecipera-a-board-of-peace","status":"publish","type":"video","link":"https:\/\/www.tv2000.it\/tg2000\/video\/gaza-card-parolin-vaticano-non-partecipera-a-board-of-peace\/","title":{"rendered":"Gaza Card. Parolin: Vaticano non parteciper\u00e0 a Board of Peace"},"content":{"rendered":"<p>&#8220;Il Vaticano non parteciper\u00e0 al #boardofpeace per Gaza. Poi abbiamo preso nota che l&#8217;Italia parteciper\u00e0 come osservatore, evidentemente ci sono punti che lasciano perplessi, punti critici che avrebbero bisogno di trovare delle spiegazioni. La cosa importante \u00e8 che si stia tentando di dare una risposta ma per noi ci sono delle criticit\u00e0 che andrebbero risolte&#8221;. Lo ha detto il segretario di Stato vaticano, il cardinale Pietro Parolin, lasciando palazzo Borromeo dopo il bilaterale con l&#8217;Italia con il presidente della Repubblica, Sergio Mattarella, e la premier Giorgia Meloni.<\/p>\n","protected":false},"featured_media":683839,"comment_status":"closed","ping_status":"closed","template":"","tags":[],"class_list":["post-683838","video","type-video","status-publish","has-post-thumbnail","hentry","video_category-attualita","video_category-chiesa","video_category-news"],"acf":[],"aioseo_notices":[],"url_youtube":"SetFWTYWqAc","featured_image_url":"https:\/\/i.ytimg.com\/vi\/SetFWTYWqAc\/mqdefault.jpg","_links":{"self":[{"href":"https:\/\/www.tv2000.it\/tg2000\/wp-json\/wp\/v2\/video\/683838","targetHints":{"allow":["GET"]}}],"collection":[{"href":"https:\/\/www.tv2000.it\/tg2000\/wp-json\/wp\/v2\/video"}],"about":[{"href":"https:\/\/www.tv2000.it\/tg2000\/wp-json\/wp\/v2\/types\/video"}],"replies":[{"embeddable":true,"href":"https:\/\/www.tv2000.it\/tg2000\/wp-json\/wp\/v2\/comments?post=683838"}],"wp:featuredmedia":[{"embeddable":true,"href":"https:\/\/www.tv2000.it\/tg2000\/wp-json\/wp\/v2\/media\/683839"}],"wp:attachment":[{"href":"https:\/\/www.tv2000.it\/tg2000\/wp-json\/wp\/v2\/media?parent=683838"}],"wp:term":[{"taxonomy":"post_tag","embeddable":true,"href":"https:\/\/www.tv2000.it\/tg2000\/wp-json\/wp\/v2\/tags?post=683838"}],"curies":[{"name":"wp","href":"https:\/\/api.w.org\/{rel}","templated":true}]}}

Gaza Card. Parolin: Vaticano non parteciperà a Board of Peace

<p>&#8220;Il Vaticano non parteciperà al #boardofpeace per Gaza. Poi abbiamo preso nota che l&#8217;Italia parteciperà come osservatore, evidentemente ci sono punti che lasciano perplessi, punti critici che avrebbero bisogno di trovare delle spiegazioni. La cosa importante è che si stia tentando di dare una risposta ma per noi ci sono delle criticità che andrebbero risolte&#8221;. Lo ha detto il segretario di Stato vaticano, il cardinale Pietro Parolin, lasciando palazzo Borromeo dopo il bilaterale con l&#8217;Italia con il presidente della Repubblica, Sergio Mattarella, e la premier Giorgia Meloni.</p>
