{"id":684817,"date":"2026-03-09T20:05:49","date_gmt":"2026-03-09T19:05:49","guid":{"rendered":"https:\/\/www.tv2000.it\/tg2000\/?post_type=video&#038;p=684817"},"modified":"2026-03-09T20:05:49","modified_gmt":"2026-03-09T19:05:49","slug":"libano-ucciso-parroco-di-qlayaa-padre-toni-elias-si-e-donato-fino-alla-fine","status":"publish","type":"video","link":"https:\/\/www.tv2000.it\/tg2000\/video\/libano-ucciso-parroco-di-qlayaa-padre-toni-elias-si-e-donato-fino-alla-fine\/","title":{"rendered":"Libano, ucciso parroco di Qlayaa. Padre Toni Elias: si \u00e8 donato fino alla fine"},"content":{"rendered":"<p>\u201cPadre Pierre era un sacerdote che si \u00e8 donato fino alla fine alla sua parrocchia e alla sua comunit\u00e0. Siamo gente che vuole vivere pacificamente e vivere la fede\u201d. Lo afferma Padre Toni Elias, parroco maronita di Rmeich nel Sud del Libano, in un\u2019intervista al Tg2000, il telegiornale di Tv2000 commentando la morte di padre Pierre El Raii, il parroco di Qlayaa, ucciso oggi in un bombardamento.<br \/>\n\u201cC&#8217;erano dei miliziani \u2013 ricostruisce Padre Toni &#8211; vicino a una casa periferica del villaggio di Qlayaa. C\u2019\u00e8 stato un bombardamento e in quella casa era presente una famiglia. Il sacerdote del villaggio, padre Pierre, \u00e8 andato a vedere se fosse capitato qualcosa a quelle persone, l\u00ec hanno bombardato nuovamente e il parroco \u00e8 stato colpito da una bomba\u201d.<br \/>\nIl parroco maronita di Rmeich ai microfoni di Tv2000, sottolinea che \u201csiamo tutti, e soprattutto padre Pierre, sacerdoti della prima linea. Siamo sempre accanto alla gente povera e ammalata. Cerchiamo sempre di incoraggiare e sostenere le persone\u201d.<br \/>\n\u201cSperiamo non capiti di nuovo un conflitto interno in Libano \u2013 conclude Padre Toni Elias &#8211; Il mio grido, il grido di tutti i sacerdoti, di tutta la gente \u00e8: vogliamo la pace definitiva\u201d.<br \/>\nIntervista della corrispondente da Gerusalemme, Alessandra Buzzetti<\/p>\n","protected":false},"featured_media":684818,"comment_status":"closed","ping_status":"closed","template":"","tags":[2414,354],"class_list":["post-684817","video","type-video","status-publish","has-post-thumbnail","hentry","tag-guerrainiran","tag-iran","video_category-attualita","video_category-medio-oriente","video_category-news"],"acf":[],"aioseo_notices":[],"url_youtube":"R2qsRc5UTYQ","featured_image_url":"https:\/\/i.ytimg.com\/vi\/R2qsRc5UTYQ\/mqdefault.jpg","_links":{"self":[{"href":"https:\/\/www.tv2000.it\/tg2000\/wp-json\/wp\/v2\/video\/684817","targetHints":{"allow":["GET"]}}],"collection":[{"href":"https:\/\/www.tv2000.it\/tg2000\/wp-json\/wp\/v2\/video"}],"about":[{"href":"https:\/\/www.tv2000.it\/tg2000\/wp-json\/wp\/v2\/types\/video"}],"replies":[{"embeddable":true,"href":"https:\/\/www.tv2000.it\/tg2000\/wp-json\/wp\/v2\/comments?post=684817"}],"wp:featuredmedia":[{"embeddable":true,"href":"https:\/\/www.tv2000.it\/tg2000\/wp-json\/wp\/v2\/media\/684818"}],"wp:attachment":[{"href":"https:\/\/www.tv2000.it\/tg2000\/wp-json\/wp\/v2\/media?parent=684817"}],"wp:term":[{"taxonomy":"post_tag","embeddable":true,"href":"https:\/\/www.tv2000.it\/tg2000\/wp-json\/wp\/v2\/tags?post=684817"}],"curies":[{"name":"wp","href":"https:\/\/api.w.org\/{rel}","templated":true}]}}

Libano, ucciso parroco di Qlayaa. Padre Toni Elias: si è donato fino alla fine

<p>“Padre Pierre era un sacerdote che si è donato fino alla fine alla sua parrocchia e alla sua comunità. Siamo gente che vuole vivere pacificamente e vivere la fede”. Lo afferma Padre Toni Elias, parroco maronita di Rmeich nel Sud del Libano, in un’intervista al Tg2000, il telegiornale di Tv2000 commentando la morte di padre Pierre El Raii, il parroco di Qlayaa, ucciso oggi in un bombardamento.<br />
“C&#8217;erano dei miliziani – ricostruisce Padre Toni &#8211; vicino a una casa periferica del villaggio di Qlayaa. C’è stato un bombardamento e in quella casa era presente una famiglia. Il sacerdote del villaggio, padre Pierre, è andato a vedere se fosse capitato qualcosa a quelle persone, lì hanno bombardato nuovamente e il parroco è stato colpito da una bomba”.<br />
Il parroco maronita di Rmeich ai microfoni di Tv2000, sottolinea che “siamo tutti, e soprattutto padre Pierre, sacerdoti della prima linea. Siamo sempre accanto alla gente povera e ammalata. Cerchiamo sempre di incoraggiare e sostenere le persone”.<br />
“Speriamo non capiti di nuovo un conflitto interno in Libano – conclude Padre Toni Elias &#8211; Il mio grido, il grido di tutti i sacerdoti, di tutta la gente è: vogliamo la pace definitiva”.<br />
Intervista della corrispondente da Gerusalemme, Alessandra Buzzetti</p>
