{"id":686609,"date":"2026-04-23T20:12:05","date_gmt":"2026-04-23T18:12:05","guid":{"rendered":"https:\/\/www.tv2000.it\/tg2000\/?post_type=video&#038;p=686609"},"modified":"2026-04-23T20:12:05","modified_gmt":"2026-04-23T18:12:05","slug":"lerasmus-dei-bambini-dal-2021-partiti-oltre-20-mila-alunni","status":"publish","type":"video","link":"https:\/\/www.tv2000.it\/tg2000\/video\/lerasmus-dei-bambini-dal-2021-partiti-oltre-20-mila-alunni\/","title":{"rendered":"L\u2019Erasmus dei bambini.  Dal 2021 partiti oltre 20 mila alunni"},"content":{"rendered":"<p>L&#8217;Erasmus \u00e8 una delle esperienze giovanili pi\u00f9 formative: lo scambio culturale tra studenti di diverse nazioni si pu\u00f2 fare adesso gi\u00e0 dai 6 anni.<br \/>\nServizio di Caterina Dall&#8217;Olio<\/p>\n","protected":false},"featured_media":686610,"comment_status":"closed","ping_status":"closed","template":"","tags":[],"class_list":["post-686609","video","type-video","status-publish","has-post-thumbnail","hentry","video_category-news"],"acf":[],"aioseo_notices":[],"url_youtube":"Q5ipFdDc4tU","featured_image_url":"https:\/\/i.ytimg.com\/vi\/Q5ipFdDc4tU\/mqdefault.jpg","_links":{"self":[{"href":"https:\/\/www.tv2000.it\/tg2000\/wp-json\/wp\/v2\/video\/686609","targetHints":{"allow":["GET"]}}],"collection":[{"href":"https:\/\/www.tv2000.it\/tg2000\/wp-json\/wp\/v2\/video"}],"about":[{"href":"https:\/\/www.tv2000.it\/tg2000\/wp-json\/wp\/v2\/types\/video"}],"replies":[{"embeddable":true,"href":"https:\/\/www.tv2000.it\/tg2000\/wp-json\/wp\/v2\/comments?post=686609"}],"wp:featuredmedia":[{"embeddable":true,"href":"https:\/\/www.tv2000.it\/tg2000\/wp-json\/wp\/v2\/media\/686610"}],"wp:attachment":[{"href":"https:\/\/www.tv2000.it\/tg2000\/wp-json\/wp\/v2\/media?parent=686609"}],"wp:term":[{"taxonomy":"post_tag","embeddable":true,"href":"https:\/\/www.tv2000.it\/tg2000\/wp-json\/wp\/v2\/tags?post=686609"}],"curies":[{"name":"wp","href":"https:\/\/api.w.org\/{rel}","templated":true}]}}

<p>L&#8217;Erasmus è una delle esperienze giovanili più formative: lo scambio culturale tra studenti di diverse nazioni si può fare adesso già dai 6 anni.<br />
Servizio di Caterina Dall&#8217;Olio</p>
