{"id":686884,"date":"2026-04-29T20:43:21","date_gmt":"2026-04-29T18:43:21","guid":{"rendered":"https:\/\/www.tv2000.it\/tg2000\/?post_type=video&#038;p=686884"},"modified":"2026-04-29T20:43:21","modified_gmt":"2026-04-29T18:43:21","slug":"giovani-cattolici-sui-social-e-boom-anche-di-polemiche","status":"publish","type":"video","link":"https:\/\/www.tv2000.it\/tg2000\/video\/giovani-cattolici-sui-social-e-boom-anche-di-polemiche\/","title":{"rendered":"Giovani cattolici sui social, \u00e8 boom. Anche di polemiche"},"content":{"rendered":"<p>\u00c8 in costante aumento la presenza di giovani cattolici sui social media. Con alcune opportunit\u00e0 ma anche talvolta aspetti critici.<br \/>\nServizio di Raffaella Frullone<\/p>\n","protected":false},"featured_media":686885,"comment_status":"closed","ping_status":"closed","template":"","tags":[],"class_list":["post-686884","video","type-video","status-publish","has-post-thumbnail","hentry","video_category-chiesa","video_category-news"],"acf":[],"aioseo_notices":[],"url_youtube":"wfmePLQxygA","featured_image_url":"https:\/\/i.ytimg.com\/vi\/wfmePLQxygA\/mqdefault.jpg","_links":{"self":[{"href":"https:\/\/www.tv2000.it\/tg2000\/wp-json\/wp\/v2\/video\/686884","targetHints":{"allow":["GET"]}}],"collection":[{"href":"https:\/\/www.tv2000.it\/tg2000\/wp-json\/wp\/v2\/video"}],"about":[{"href":"https:\/\/www.tv2000.it\/tg2000\/wp-json\/wp\/v2\/types\/video"}],"replies":[{"embeddable":true,"href":"https:\/\/www.tv2000.it\/tg2000\/wp-json\/wp\/v2\/comments?post=686884"}],"wp:featuredmedia":[{"embeddable":true,"href":"https:\/\/www.tv2000.it\/tg2000\/wp-json\/wp\/v2\/media\/686885"}],"wp:attachment":[{"href":"https:\/\/www.tv2000.it\/tg2000\/wp-json\/wp\/v2\/media?parent=686884"}],"wp:term":[{"taxonomy":"post_tag","embeddable":true,"href":"https:\/\/www.tv2000.it\/tg2000\/wp-json\/wp\/v2\/tags?post=686884"}],"curies":[{"name":"wp","href":"https:\/\/api.w.org\/{rel}","templated":true}]}}

Giovani cattolici sui social, è boom. Anche di polemiche

<p>È in costante aumento la presenza di giovani cattolici sui social media. Con alcune opportunità ma anche talvolta aspetti critici.<br />
Servizio di Raffaella Frullone</p>
