{"id":691167,"date":"2026-09-03T12:59:15","date_gmt":"2026-09-03T10:59:15","guid":{"rendered":"https:\/\/www.tv2000.it\/tg2000\/?post_type=video&#038;p=691167"},"modified":"2026-09-03T12:59:15","modified_gmt":"2026-09-03T10:59:15","slug":"legge-fine-vita-in-veneto-mons-moraglia-rischio-deriva-difficilmente-controllabile","status":"publish","type":"video","link":"https:\/\/www.tv2000.it\/tg2000\/video\/legge-fine-vita-in-veneto-mons-moraglia-rischio-deriva-difficilmente-controllabile\/","title":{"rendered":"Legge fine vita in Veneto, Mons. Moraglia: &#8220;Rischio deriva difficilmente controllabile&#8221;"},"content":{"rendered":"<p>&#8220;Un modello di sanit\u00e0 che pu\u00f2 portare a una deriva difficilmente controllabile&#8221; cos\u00ec il patriarca di Venezia Francesco Moraglia sulla nuova legge regionale veneta sul fine vita, approvata ieri.<br \/>\nServizio di Luigi Ferraiuolo<\/p>\n","protected":false},"featured_media":691168,"comment_status":"closed","ping_status":"closed","template":"","tags":[1792,488],"class_list":["post-691167","video","type-video","status-publish","has-post-thumbnail","hentry","tag-finevita","tag-veneto","video_category-news","video_category-politica"],"acf":[],"aioseo_notices":[],"url_youtube":"SMAAoV8pQ9s","featured_image_url":"https:\/\/i.ytimg.com\/vi\/SMAAoV8pQ9s\/mqdefault.jpg","_links":{"self":[{"href":"https:\/\/www.tv2000.it\/tg2000\/wp-json\/wp\/v2\/video\/691167","targetHints":{"allow":["GET"]}}],"collection":[{"href":"https:\/\/www.tv2000.it\/tg2000\/wp-json\/wp\/v2\/video"}],"about":[{"href":"https:\/\/www.tv2000.it\/tg2000\/wp-json\/wp\/v2\/types\/video"}],"replies":[{"embeddable":true,"href":"https:\/\/www.tv2000.it\/tg2000\/wp-json\/wp\/v2\/comments?post=691167"}],"wp:featuredmedia":[{"embeddable":true,"href":"https:\/\/www.tv2000.it\/tg2000\/wp-json\/wp\/v2\/media\/691168"}],"wp:attachment":[{"href":"https:\/\/www.tv2000.it\/tg2000\/wp-json\/wp\/v2\/media?parent=691167"}],"wp:term":[{"taxonomy":"post_tag","embeddable":true,"href":"https:\/\/www.tv2000.it\/tg2000\/wp-json\/wp\/v2\/tags?post=691167"}],"curies":[{"name":"wp","href":"https:\/\/api.w.org\/{rel}","templated":true}]}}

<p>&#8220;Un modello di sanità che può portare a una deriva difficilmente controllabile&#8221; così il patriarca di Venezia Francesco Moraglia sulla nuova legge regionale veneta sul fine vita, approvata ieri.<br />
Servizio di Luigi Ferraiuolo</p>
