{"id":691180,"date":"2026-09-03T19:41:38","date_gmt":"2026-09-03T17:41:38","guid":{"rendered":"https:\/\/www.tv2000.it\/tg2000\/?post_type=video&#038;p=691180"},"modified":"2026-09-03T19:41:38","modified_gmt":"2026-09-03T17:41:38","slug":"caldo-fino-a-febbraio-onu-il-pianeta-e-in-pericolo","status":"publish","type":"video","link":"https:\/\/www.tv2000.it\/tg2000\/video\/caldo-fino-a-febbraio-onu-il-pianeta-e-in-pericolo\/","title":{"rendered":"Caldo fino a febbraio. Onu: il pianeta \u00e8 in pericolo"},"content":{"rendered":"<p>Il segretario generale dell&#8217;ONU, Guterres, lancia un monito: il pianeta \u00e8 in grave pericolo. Il fenomeno El Ni\u00f1o e il caldo anomalo dureranno fino a febbraio, trascinando il clima verso una zona di rischio estremo.<br \/>\nServizio di Alessandra Camarca<\/p>\n","protected":false},"featured_media":691181,"comment_status":"closed","ping_status":"closed","template":"","tags":[],"class_list":["post-691180","video","type-video","status-publish","has-post-thumbnail","hentry","video_category-ambiente","video_category-news"],"acf":[],"aioseo_notices":[],"url_youtube":"2GdtQFcMn0g","featured_image_url":"https:\/\/i.ytimg.com\/vi\/2GdtQFcMn0g\/mqdefault.jpg","_links":{"self":[{"href":"https:\/\/www.tv2000.it\/tg2000\/wp-json\/wp\/v2\/video\/691180","targetHints":{"allow":["GET"]}}],"collection":[{"href":"https:\/\/www.tv2000.it\/tg2000\/wp-json\/wp\/v2\/video"}],"about":[{"href":"https:\/\/www.tv2000.it\/tg2000\/wp-json\/wp\/v2\/types\/video"}],"replies":[{"embeddable":true,"href":"https:\/\/www.tv2000.it\/tg2000\/wp-json\/wp\/v2\/comments?post=691180"}],"wp:featuredmedia":[{"embeddable":true,"href":"https:\/\/www.tv2000.it\/tg2000\/wp-json\/wp\/v2\/media\/691181"}],"wp:attachment":[{"href":"https:\/\/www.tv2000.it\/tg2000\/wp-json\/wp\/v2\/media?parent=691180"}],"wp:term":[{"taxonomy":"post_tag","embeddable":true,"href":"https:\/\/www.tv2000.it\/tg2000\/wp-json\/wp\/v2\/tags?post=691180"}],"curies":[{"name":"wp","href":"https:\/\/api.w.org\/{rel}","templated":true}]}}

Caldo fino a febbraio. Onu: il pianeta è in pericolo

<p>Il segretario generale dell&#8217;ONU, Guterres, lancia un monito: il pianeta è in grave pericolo. Il fenomeno El Niño e il caldo anomalo dureranno fino a febbraio, trascinando il clima verso una zona di rischio estremo.<br />
Servizio di Alessandra Camarca</p>
