{"id":71734,"date":"2021-03-09T19:56:09","date_gmt":"2021-03-09T18:56:09","guid":{"rendered":"http:\/\/www.tv2000.it\/tg2000\/?post_type=video&#038;p=71734"},"modified":"2021-03-09T19:56:21","modified_gmt":"2021-03-09T18:56:21","slug":"libano-copertoni-bruciati-e-strade-bloccate-dilaga-protesta-contro-la-crisi-della-moneta-locale","status":"publish","type":"video","link":"https:\/\/www.tv2000.it\/tg2000\/video\/libano-copertoni-bruciati-e-strade-bloccate-dilaga-protesta-contro-la-crisi-della-moneta-locale\/","title":{"rendered":"Libano, copertoni bruciati e strade bloccate. Dilaga protesta contro la crisi della moneta locale"},"content":{"rendered":"<p>Copertoni bruciati e strade bloccate. La protesta dilaga anche in Libano contro la crisi della moneta locale. Pi\u00f9 della met\u00e0 della popolazione \u00e8 stremata perch\u00e9 sopravvive con redditi ben al di sotto della soglia di povert\u00e0. L&#8217;accorato appello della Caritas. Servizio di Massimiliano Cochi.<\/p>\n","protected":false},"featured_media":71735,"comment_status":"closed","ping_status":"closed","template":"","tags":[],"class_list":["post-71734","video","type-video","status-publish","has-post-thumbnail","hentry","video_category-esteri","video_category-news"],"acf":[],"aioseo_notices":[],"url_youtube":"P5siPovmM38","featured_image_url":"https:\/\/i.ytimg.com\/vi\/P5siPovmM38\/mqdefault.jpg","_links":{"self":[{"href":"https:\/\/www.tv2000.it\/tg2000\/wp-json\/wp\/v2\/video\/71734","targetHints":{"allow":["GET"]}}],"collection":[{"href":"https:\/\/www.tv2000.it\/tg2000\/wp-json\/wp\/v2\/video"}],"about":[{"href":"https:\/\/www.tv2000.it\/tg2000\/wp-json\/wp\/v2\/types\/video"}],"replies":[{"embeddable":true,"href":"https:\/\/www.tv2000.it\/tg2000\/wp-json\/wp\/v2\/comments?post=71734"}],"wp:featuredmedia":[{"embeddable":true,"href":"https:\/\/www.tv2000.it\/tg2000\/wp-json\/wp\/v2\/media\/71735"}],"wp:attachment":[{"href":"https:\/\/www.tv2000.it\/tg2000\/wp-json\/wp\/v2\/media?parent=71734"}],"wp:term":[{"taxonomy":"post_tag","embeddable":true,"href":"https:\/\/www.tv2000.it\/tg2000\/wp-json\/wp\/v2\/tags?post=71734"}],"curies":[{"name":"wp","href":"https:\/\/api.w.org\/{rel}","templated":true}]}}

<p>Copertoni bruciati e strade bloccate. La protesta dilaga anche in Libano contro la crisi della moneta locale. Più della metà della popolazione è stremata perché sopravvive con redditi ben al di sotto della soglia di povertà. L&#8217;accorato appello della Caritas. Servizio di Massimiliano Cochi.</p>
