{"id":74805,"date":"2021-05-28T20:09:35","date_gmt":"2021-05-28T18:09:35","guid":{"rendered":"http:\/\/www.tv2000.it\/tg2000\/?post_type=video&#038;p=74805"},"modified":"2021-05-28T20:09:44","modified_gmt":"2021-05-28T18:09:44","slug":"covid-da-giovedi-prenotazioni-vaccini-per-tutti-fino-ai-16-anni","status":"publish","type":"video","link":"https:\/\/www.tv2000.it\/tg2000\/video\/covid-da-giovedi-prenotazioni-vaccini-per-tutti-fino-ai-16-anni\/","title":{"rendered":"Covid, da gioved\u00ec prenotazioni vaccini per tutti fino ai 16 anni"},"content":{"rendered":"<p>Accelerata sulla campagna vaccini. Da gioved\u00ec prossimo prenotazioni per tutti, fino ai 16 anni. Da luned\u00ec 3 regioni in fascia bianca. Servizio di Barbara Masulli.<\/p>\n","protected":false},"featured_media":74806,"comment_status":"closed","ping_status":"closed","template":"","tags":[2000],"class_list":["post-74805","video","type-video","status-publish","has-post-thumbnail","hentry","tag-coronavirus","video_category-attualita","video_category-news"],"acf":[],"aioseo_notices":[],"url_youtube":"kUeep750aF4","featured_image_url":"https:\/\/i.ytimg.com\/vi\/kUeep750aF4\/mqdefault.jpg","_links":{"self":[{"href":"https:\/\/www.tv2000.it\/tg2000\/wp-json\/wp\/v2\/video\/74805","targetHints":{"allow":["GET"]}}],"collection":[{"href":"https:\/\/www.tv2000.it\/tg2000\/wp-json\/wp\/v2\/video"}],"about":[{"href":"https:\/\/www.tv2000.it\/tg2000\/wp-json\/wp\/v2\/types\/video"}],"replies":[{"embeddable":true,"href":"https:\/\/www.tv2000.it\/tg2000\/wp-json\/wp\/v2\/comments?post=74805"}],"wp:featuredmedia":[{"embeddable":true,"href":"https:\/\/www.tv2000.it\/tg2000\/wp-json\/wp\/v2\/media\/74806"}],"wp:attachment":[{"href":"https:\/\/www.tv2000.it\/tg2000\/wp-json\/wp\/v2\/media?parent=74805"}],"wp:term":[{"taxonomy":"post_tag","embeddable":true,"href":"https:\/\/www.tv2000.it\/tg2000\/wp-json\/wp\/v2\/tags?post=74805"}],"curies":[{"name":"wp","href":"https:\/\/api.w.org\/{rel}","templated":true}]}}

Covid, da giovedì prenotazioni vaccini per tutti fino ai 16 anni

<p>Accelerata sulla campagna vaccini. Da giovedì prossimo prenotazioni per tutti, fino ai 16 anni. Da lunedì 3 regioni in fascia bianca. Servizio di Barbara Masulli.</p>
