{"id":74953,"date":"2021-06-03T20:06:14","date_gmt":"2021-06-03T18:06:14","guid":{"rendered":"http:\/\/www.tv2000.it\/tg2000\/?post_type=video&#038;p=74953"},"modified":"2021-06-03T20:06:27","modified_gmt":"2021-06-03T18:06:27","slug":"giornata-mondiale-della-bicicletta-covid-lascia-in-eredita-citta-piu-ciclabili","status":"publish","type":"video","link":"https:\/\/www.tv2000.it\/tg2000\/video\/giornata-mondiale-della-bicicletta-covid-lascia-in-eredita-citta-piu-ciclabili\/","title":{"rendered":"Giornata mondiale della bicicletta, Covid lascia in eredit\u00e0 citt\u00e0 pi\u00f9 ciclabili"},"content":{"rendered":"<p>La pandemia ci lascer\u00e0 in eredit\u00e0 citt\u00e0 pi\u00f9 ciclabili. E&#8217; questo il bilancio della rete delle associazioni ciclistiche italiane, nella giornata mondiale della bicicletta. Una consapevolezza sostenibile che il lockdown del coronavirus ha aumentato. Servizio di Luca Licata<\/p>\n","protected":false},"featured_media":74954,"comment_status":"closed","ping_status":"closed","template":"","tags":[],"class_list":["post-74953","video","type-video","status-publish","has-post-thumbnail","hentry","video_category-news"],"acf":[],"aioseo_notices":[],"url_youtube":"D59R1CCpGj4","featured_image_url":"https:\/\/i.ytimg.com\/vi\/D59R1CCpGj4\/mqdefault.jpg","_links":{"self":[{"href":"https:\/\/www.tv2000.it\/tg2000\/wp-json\/wp\/v2\/video\/74953","targetHints":{"allow":["GET"]}}],"collection":[{"href":"https:\/\/www.tv2000.it\/tg2000\/wp-json\/wp\/v2\/video"}],"about":[{"href":"https:\/\/www.tv2000.it\/tg2000\/wp-json\/wp\/v2\/types\/video"}],"replies":[{"embeddable":true,"href":"https:\/\/www.tv2000.it\/tg2000\/wp-json\/wp\/v2\/comments?post=74953"}],"wp:featuredmedia":[{"embeddable":true,"href":"https:\/\/www.tv2000.it\/tg2000\/wp-json\/wp\/v2\/media\/74954"}],"wp:attachment":[{"href":"https:\/\/www.tv2000.it\/tg2000\/wp-json\/wp\/v2\/media?parent=74953"}],"wp:term":[{"taxonomy":"post_tag","embeddable":true,"href":"https:\/\/www.tv2000.it\/tg2000\/wp-json\/wp\/v2\/tags?post=74953"}],"curies":[{"name":"wp","href":"https:\/\/api.w.org\/{rel}","templated":true}]}}

Giornata mondiale della bicicletta, Covid lascia in eredità città più ciclabili

<p>La pandemia ci lascerà in eredità città più ciclabili. E&#8217; questo il bilancio della rete delle associazioni ciclistiche italiane, nella giornata mondiale della bicicletta. Una consapevolezza sostenibile che il lockdown del coronavirus ha aumentato. Servizio di Luca Licata</p>
