{"id":75014,"date":"2021-06-04T20:01:14","date_gmt":"2021-06-04T18:01:14","guid":{"rendered":"http:\/\/www.tv2000.it\/tg2000\/?post_type=video&#038;p=75014"},"modified":"2021-06-04T20:01:25","modified_gmt":"2021-06-04T18:01:25","slug":"pass-nazionale-per-ztl-e-social-card-disabili-il-commenta-della-ministra-stefani","status":"publish","type":"video","link":"https:\/\/www.tv2000.it\/tg2000\/video\/pass-nazionale-per-ztl-e-social-card-disabili-il-commenta-della-ministra-stefani\/","title":{"rendered":"Pass nazionale per ztl e social card disabili. Il commenta della ministra Stefani"},"content":{"rendered":"<p>Sar\u00e0 pi\u00f9 agevole per le persone con disabilit\u00e0 titolari di contrassegni per l&#8217;auto spostarsi su tutto il territorio nazionale e accedere nelle zone a traffico limitato e nelle strade o corsie dove vigono divieti e limitazioni. Questo sar\u00e0 possibile grazie all&#8217;istituzione di una piattaforma informatica unica. Il servizio di Luigi Ferraiuolo<\/p>\n","protected":false},"featured_media":75015,"comment_status":"closed","ping_status":"closed","template":"","tags":[],"class_list":["post-75014","video","type-video","status-publish","has-post-thumbnail","hentry","video_category-news"],"acf":[],"aioseo_notices":[],"url_youtube":"d8jTJO7aZ2E","featured_image_url":"https:\/\/i.ytimg.com\/vi\/d8jTJO7aZ2E\/mqdefault.jpg","_links":{"self":[{"href":"https:\/\/www.tv2000.it\/tg2000\/wp-json\/wp\/v2\/video\/75014","targetHints":{"allow":["GET"]}}],"collection":[{"href":"https:\/\/www.tv2000.it\/tg2000\/wp-json\/wp\/v2\/video"}],"about":[{"href":"https:\/\/www.tv2000.it\/tg2000\/wp-json\/wp\/v2\/types\/video"}],"replies":[{"embeddable":true,"href":"https:\/\/www.tv2000.it\/tg2000\/wp-json\/wp\/v2\/comments?post=75014"}],"wp:featuredmedia":[{"embeddable":true,"href":"https:\/\/www.tv2000.it\/tg2000\/wp-json\/wp\/v2\/media\/75015"}],"wp:attachment":[{"href":"https:\/\/www.tv2000.it\/tg2000\/wp-json\/wp\/v2\/media?parent=75014"}],"wp:term":[{"taxonomy":"post_tag","embeddable":true,"href":"https:\/\/www.tv2000.it\/tg2000\/wp-json\/wp\/v2\/tags?post=75014"}],"curies":[{"name":"wp","href":"https:\/\/api.w.org\/{rel}","templated":true}]}}

<p>Sarà più agevole per le persone con disabilità titolari di contrassegni per l&#8217;auto spostarsi su tutto il territorio nazionale e accedere nelle zone a traffico limitato e nelle strade o corsie dove vigono divieti e limitazioni. Questo sarà possibile grazie all&#8217;istituzione di una piattaforma informatica unica. Il servizio di Luigi Ferraiuolo</p>
