{"id":75384,"date":"2021-06-15T19:30:29","date_gmt":"2021-06-15T17:30:29","guid":{"rendered":"http:\/\/www.tv2000.it\/tg2000\/?post_type=video&#038;p=75384"},"modified":"2021-06-15T19:30:39","modified_gmt":"2021-06-15T17:30:39","slug":"notte-prima-degli-esami-vigilia-di-maturita-al-tempo-del-covid","status":"publish","type":"video","link":"https:\/\/www.tv2000.it\/tg2000\/video\/notte-prima-degli-esami-vigilia-di-maturita-al-tempo-del-covid\/","title":{"rendered":"Notte prima degli esami, vigilia di maturit\u00e0 al tempo del covid"},"content":{"rendered":"<p>Niente vocabolario sottobraccio ma cominciano comunque domani gli esami di maturit\u00e0 per il secondo anno in epoca covid. Mezzo milione di studenti alle prese con un super orale. Senza per\u00f2 mai togliersi la mascherina. Pierluigi Vito ha raccolto le due voci della maturit\u00e0: professori e maturandi.<\/p>\n","protected":false},"featured_media":75385,"comment_status":"closed","ping_status":"closed","template":"","tags":[],"class_list":["post-75384","video","type-video","status-publish","has-post-thumbnail","hentry","video_category-news"],"acf":[],"aioseo_notices":[],"url_youtube":"dgR1bs8v4Cc","featured_image_url":"https:\/\/i.ytimg.com\/vi\/dgR1bs8v4Cc\/mqdefault.jpg","_links":{"self":[{"href":"https:\/\/www.tv2000.it\/tg2000\/wp-json\/wp\/v2\/video\/75384","targetHints":{"allow":["GET"]}}],"collection":[{"href":"https:\/\/www.tv2000.it\/tg2000\/wp-json\/wp\/v2\/video"}],"about":[{"href":"https:\/\/www.tv2000.it\/tg2000\/wp-json\/wp\/v2\/types\/video"}],"replies":[{"embeddable":true,"href":"https:\/\/www.tv2000.it\/tg2000\/wp-json\/wp\/v2\/comments?post=75384"}],"wp:featuredmedia":[{"embeddable":true,"href":"https:\/\/www.tv2000.it\/tg2000\/wp-json\/wp\/v2\/media\/75385"}],"wp:attachment":[{"href":"https:\/\/www.tv2000.it\/tg2000\/wp-json\/wp\/v2\/media?parent=75384"}],"wp:term":[{"taxonomy":"post_tag","embeddable":true,"href":"https:\/\/www.tv2000.it\/tg2000\/wp-json\/wp\/v2\/tags?post=75384"}],"curies":[{"name":"wp","href":"https:\/\/api.w.org\/{rel}","templated":true}]}}

Notte prima degli esami, vigilia di maturità al tempo del covid

<p>Niente vocabolario sottobraccio ma cominciano comunque domani gli esami di maturità per il secondo anno in epoca covid. Mezzo milione di studenti alle prese con un super orale. Senza però mai togliersi la mascherina. Pierluigi Vito ha raccolto le due voci della maturità: professori e maturandi.</p>
