{"id":75401,"date":"2021-06-16T12:49:22","date_gmt":"2021-06-16T10:49:22","guid":{"rendered":"http:\/\/www.tv2000.it\/tg2000\/?post_type=video&#038;p=75401"},"modified":"2021-06-16T12:49:22","modified_gmt":"2021-06-16T10:49:22","slug":"al-via-la-maturita-2021-niente-scritti-per-oltre-540mila-studenti","status":"publish","type":"video","link":"https:\/\/www.tv2000.it\/tg2000\/video\/al-via-la-maturita-2021-niente-scritti-per-oltre-540mila-studenti\/","title":{"rendered":"Al via la maturit\u00e0 2021, niente scritti per oltre 540mila studenti"},"content":{"rendered":"<p>Al via la maturit\u00e0 2021. Niente scritti per oltre 540mila studenti. &#8220;ma non sar\u00e0 un esame di serie b&#8221; sottolinea il ministro bianchi. Nel tg le testimonianze dei maturandi prima e dopo l&#8217;esame. A Milano e Torino le testimonianze dei maturandi non cambiano. Ansie, speranze e, per tutti, il rifiuto di considerare questa maturit\u00e0 rimodulata come un esame minore. Il servizio di Pierluigi Vito<\/p>\n","protected":false},"featured_media":75402,"comment_status":"closed","ping_status":"closed","template":"","tags":[300],"class_list":["post-75401","video","type-video","status-publish","has-post-thumbnail","hentry","tag-scuola","video_category-news","video_category-scuola"],"acf":[],"aioseo_notices":[],"url_youtube":"fu1uK26b9oQ","featured_image_url":"https:\/\/i.ytimg.com\/vi\/fu1uK26b9oQ\/mqdefault.jpg","_links":{"self":[{"href":"https:\/\/www.tv2000.it\/tg2000\/wp-json\/wp\/v2\/video\/75401","targetHints":{"allow":["GET"]}}],"collection":[{"href":"https:\/\/www.tv2000.it\/tg2000\/wp-json\/wp\/v2\/video"}],"about":[{"href":"https:\/\/www.tv2000.it\/tg2000\/wp-json\/wp\/v2\/types\/video"}],"replies":[{"embeddable":true,"href":"https:\/\/www.tv2000.it\/tg2000\/wp-json\/wp\/v2\/comments?post=75401"}],"wp:featuredmedia":[{"embeddable":true,"href":"https:\/\/www.tv2000.it\/tg2000\/wp-json\/wp\/v2\/media\/75402"}],"wp:attachment":[{"href":"https:\/\/www.tv2000.it\/tg2000\/wp-json\/wp\/v2\/media?parent=75401"}],"wp:term":[{"taxonomy":"post_tag","embeddable":true,"href":"https:\/\/www.tv2000.it\/tg2000\/wp-json\/wp\/v2\/tags?post=75401"}],"curies":[{"name":"wp","href":"https:\/\/api.w.org\/{rel}","templated":true}]}}

Al via la maturità 2021, niente scritti per oltre 540mila studenti

<p>Al via la maturità 2021. Niente scritti per oltre 540mila studenti. &#8220;ma non sarà un esame di serie b&#8221; sottolinea il ministro bianchi. Nel tg le testimonianze dei maturandi prima e dopo l&#8217;esame. A Milano e Torino le testimonianze dei maturandi non cambiano. Ansie, speranze e, per tutti, il rifiuto di considerare questa maturità rimodulata come un esame minore. Il servizio di Pierluigi Vito</p>
