{"id":75422,"date":"2021-06-16T19:31:32","date_gmt":"2021-06-16T17:31:32","guid":{"rendered":"http:\/\/www.tv2000.it\/tg2000\/?post_type=video&#038;p=75422"},"modified":"2021-06-16T19:31:47","modified_gmt":"2021-06-16T17:31:47","slug":"nel-2020-due-milioni-di-famiglie-in-poverta-assoluta-minori-in-indigenza","status":"publish","type":"video","link":"https:\/\/www.tv2000.it\/tg2000\/video\/nel-2020-due-milioni-di-famiglie-in-poverta-assoluta-minori-in-indigenza\/","title":{"rendered":"Nel 2020 due milioni di famiglie in povert\u00e0 assoluta. Minori in indigenza"},"content":{"rendered":"<p>La povert\u00e0 non \u00e8 pi\u00f9 un fenomeno percentualmente trascurabile nel nostro paese. Sono ormai oltre 5 milioni e mezzo le persone che vivono in condizioni di indigenza assoluta. Questo dicono i dati dell&#8217;Istat che approfondiamo meglio con Leonardo Possati.<\/p>\n","protected":false},"featured_media":75423,"comment_status":"closed","ping_status":"closed","template":"","tags":[],"class_list":["post-75422","video","type-video","status-publish","has-post-thumbnail","hentry","video_category-news","video_category-societa"],"acf":[],"aioseo_notices":[],"url_youtube":"f7a5ss0AEhI","featured_image_url":"https:\/\/i.ytimg.com\/vi\/f7a5ss0AEhI\/mqdefault.jpg","_links":{"self":[{"href":"https:\/\/www.tv2000.it\/tg2000\/wp-json\/wp\/v2\/video\/75422","targetHints":{"allow":["GET"]}}],"collection":[{"href":"https:\/\/www.tv2000.it\/tg2000\/wp-json\/wp\/v2\/video"}],"about":[{"href":"https:\/\/www.tv2000.it\/tg2000\/wp-json\/wp\/v2\/types\/video"}],"replies":[{"embeddable":true,"href":"https:\/\/www.tv2000.it\/tg2000\/wp-json\/wp\/v2\/comments?post=75422"}],"wp:featuredmedia":[{"embeddable":true,"href":"https:\/\/www.tv2000.it\/tg2000\/wp-json\/wp\/v2\/media\/75423"}],"wp:attachment":[{"href":"https:\/\/www.tv2000.it\/tg2000\/wp-json\/wp\/v2\/media?parent=75422"}],"wp:term":[{"taxonomy":"post_tag","embeddable":true,"href":"https:\/\/www.tv2000.it\/tg2000\/wp-json\/wp\/v2\/tags?post=75422"}],"curies":[{"name":"wp","href":"https:\/\/api.w.org\/{rel}","templated":true}]}}

Nel 2020 due milioni di famiglie in povertà assoluta. Minori in indigenza

<p>La povertà non è più un fenomeno percentualmente trascurabile nel nostro paese. Sono ormai oltre 5 milioni e mezzo le persone che vivono in condizioni di indigenza assoluta. Questo dicono i dati dell&#8217;Istat che approfondiamo meglio con Leonardo Possati.</p>
