{"id":75493,"date":"2021-06-18T12:40:57","date_gmt":"2021-06-18T10:40:57","guid":{"rendered":"http:\/\/www.tv2000.it\/tg2000\/?post_type=video&#038;p=75493"},"modified":"2021-06-18T12:41:10","modified_gmt":"2021-06-18T10:41:10","slug":"green-pass-decreto-draghi-dal-1-luglio-certificato-anche-in-farmacia","status":"publish","type":"video","link":"https:\/\/www.tv2000.it\/tg2000\/video\/green-pass-decreto-draghi-dal-1-luglio-certificato-anche-in-farmacia\/","title":{"rendered":"Green pass, decreto Draghi dal 1 luglio. Certificato anche in farmacia"},"content":{"rendered":"<p>Entrer\u00e0 in vigore dal primo luglio il decreto firmato dal premier Draghi con le modalit\u00e0 per il green pass. Sar\u00e0 possibile ottenere il certificato anche in farmacia. Servizio di Barbara Masulli<\/p>\n","protected":false},"featured_media":75494,"comment_status":"closed","ping_status":"closed","template":"","tags":[2000],"class_list":["post-75493","video","type-video","status-publish","has-post-thumbnail","hentry","tag-coronavirus","video_category-attualita"],"acf":[],"aioseo_notices":[],"url_youtube":"xtkRUmKT9-E","featured_image_url":"https:\/\/i.ytimg.com\/vi\/xtkRUmKT9-E\/mqdefault.jpg","_links":{"self":[{"href":"https:\/\/www.tv2000.it\/tg2000\/wp-json\/wp\/v2\/video\/75493","targetHints":{"allow":["GET"]}}],"collection":[{"href":"https:\/\/www.tv2000.it\/tg2000\/wp-json\/wp\/v2\/video"}],"about":[{"href":"https:\/\/www.tv2000.it\/tg2000\/wp-json\/wp\/v2\/types\/video"}],"replies":[{"embeddable":true,"href":"https:\/\/www.tv2000.it\/tg2000\/wp-json\/wp\/v2\/comments?post=75493"}],"wp:featuredmedia":[{"embeddable":true,"href":"https:\/\/www.tv2000.it\/tg2000\/wp-json\/wp\/v2\/media\/75494"}],"wp:attachment":[{"href":"https:\/\/www.tv2000.it\/tg2000\/wp-json\/wp\/v2\/media?parent=75493"}],"wp:term":[{"taxonomy":"post_tag","embeddable":true,"href":"https:\/\/www.tv2000.it\/tg2000\/wp-json\/wp\/v2\/tags?post=75493"}],"curies":[{"name":"wp","href":"https:\/\/api.w.org\/{rel}","templated":true}]}}

<p>Entrerà in vigore dal primo luglio il decreto firmato dal premier Draghi con le modalità per il green pass. Sarà possibile ottenere il certificato anche in farmacia. Servizio di Barbara Masulli</p>
