{"id":75518,"date":"2021-06-18T19:32:54","date_gmt":"2021-06-18T17:32:54","guid":{"rendered":"http:\/\/www.tv2000.it\/tg2000\/?post_type=video&#038;p=75518"},"modified":"2021-06-18T19:33:03","modified_gmt":"2021-06-18T17:33:03","slug":"revoca-mascherina-allaperto-leuropa-in-ordine-sparso","status":"publish","type":"video","link":"https:\/\/www.tv2000.it\/tg2000\/video\/revoca-mascherina-allaperto-leuropa-in-ordine-sparso\/","title":{"rendered":"Revoca mascherina all&#8217;aperto, l&#8217;Europa in ordine sparso"},"content":{"rendered":"<p>Nel resto d\u2019Europa l\u2019obbligo di mascherina, se non \u00e8 stato gi\u00e0 revocato, si presta a diventare un ricordo. In Francia da ieri, in Germania da luned\u00ec scorso, in Spagna da domenica prossima. Resta l\u2019obbligo solo al chiuso. Nel servizio di Luciano Piscaglia la scelta degli altri paesi europei.<\/p>\n","protected":false},"featured_media":75519,"comment_status":"closed","ping_status":"closed","template":"","tags":[],"class_list":["post-75518","video","type-video","status-publish","has-post-thumbnail","hentry","video_category-attualita","video_category-news"],"acf":[],"aioseo_notices":[],"url_youtube":"NXHX7YLKQkE","featured_image_url":"https:\/\/i.ytimg.com\/vi\/NXHX7YLKQkE\/mqdefault.jpg","_links":{"self":[{"href":"https:\/\/www.tv2000.it\/tg2000\/wp-json\/wp\/v2\/video\/75518","targetHints":{"allow":["GET"]}}],"collection":[{"href":"https:\/\/www.tv2000.it\/tg2000\/wp-json\/wp\/v2\/video"}],"about":[{"href":"https:\/\/www.tv2000.it\/tg2000\/wp-json\/wp\/v2\/types\/video"}],"replies":[{"embeddable":true,"href":"https:\/\/www.tv2000.it\/tg2000\/wp-json\/wp\/v2\/comments?post=75518"}],"wp:featuredmedia":[{"embeddable":true,"href":"https:\/\/www.tv2000.it\/tg2000\/wp-json\/wp\/v2\/media\/75519"}],"wp:attachment":[{"href":"https:\/\/www.tv2000.it\/tg2000\/wp-json\/wp\/v2\/media?parent=75518"}],"wp:term":[{"taxonomy":"post_tag","embeddable":true,"href":"https:\/\/www.tv2000.it\/tg2000\/wp-json\/wp\/v2\/tags?post=75518"}],"curies":[{"name":"wp","href":"https:\/\/api.w.org\/{rel}","templated":true}]}}

<p>Nel resto d’Europa l’obbligo di mascherina, se non è stato già revocato, si presta a diventare un ricordo. In Francia da ieri, in Germania da lunedì scorso, in Spagna da domenica prossima. Resta l’obbligo solo al chiuso. Nel servizio di Luciano Piscaglia la scelta degli altri paesi europei.</p>
